{"id":5302,"date":"2024-06-26T11:42:48","date_gmt":"2024-06-26T09:42:48","guid":{"rendered":"https:\/\/www.vokv.dk\/?page_id=5302"},"modified":"2024-08-17T23:42:54","modified_gmt":"2024-08-17T21:42:54","slug":"priser-fra-1-juli-2024","status":"publish","type":"page","link":"https:\/\/www.vokv.dk\/?page_id=5302","title":{"rendered":"Priser fra 1. juli 2024"},"content":{"rendered":"<div id=\"pl-5302\" class=\"panel-layout\">\n<div id=\"pg-5302-0\" class=\"panel-grid panel-no-style\" data-style=\"{&quot;background_image_attachment&quot;:false,&quot;background_display&quot;:&quot;tile&quot;,&quot;background_image_size&quot;:&quot;full&quot;,&quot;background_image_opacity&quot;:&quot;100&quot;,&quot;border_thickness&quot;:&quot;1px&quot;,&quot;full_height&quot;:&quot;&quot;,&quot;cell_alignment&quot;:&quot;flex-start&quot;}\">\n<div id=\"pgc-5302-0-0\" class=\"panel-grid-cell\" data-weight=\"1\">\n<div id=\"panel-5302-0-0-0\" class=\"so-panel widget widget_sow-editor panel-first-child panel-last-child\" data-index=\"0\" data-style=\"{&quot;background&quot;:&quot;#ffffff&quot;,&quot;background_image_attachment&quot;:false,&quot;background_display&quot;:&quot;tile&quot;,&quot;background_image_size&quot;:&quot;full&quot;,&quot;background_image_opacity&quot;:&quot;100&quot;,&quot;border_thickness&quot;:&quot;1px&quot;}\">\n<div class=\"panel-widget-style panel-widget-style-for-5302-0-0-0\">\n<div class=\"so-widget-sow-editor so-widget-sow-editor-base\">\n<div class=\"siteorigin-widget-tinymce textwidget\">\n<h2 style=\"text-align: center;\"><strong>V\u00e6rum-\u00d8rum Kraftvarmev\u00e6rk<\/strong><\/h2>\n<h2 style=\"text-align: center;\"><strong>PRISBLAD<\/strong><\/h2>\n<h2 style=\"text-align: center;\"><strong>G\u00e6ldende pr. 1. juli 2024<\/strong><\/h2>\n<p style=\"text-align: center;\"><a href=\"https:\/\/www.vokv.dk\/wp-content\/uploads\/2024\/06\/Tarifblad-gaeldende-pr.-01-07-2024.pdf\" target=\"_blank\" rel=\"noopener\"><strong>\u00a0Download som PDF:<\/strong><\/a><\/p>\n<h4 style=\"text-align: center;\">Takster for \u00e5rlige bidrag<\/h4>\n<table class=\" aligncenter\" style=\"width: 61.5429%;\">\n<tbody>\n<tr>\n<td style=\"width: 47.2492%;\" width=\"300\"><\/td>\n<td style=\"width: 1.20773%;\" width=\"43\"><\/td>\n<td style=\"width: 13.6282%;\" width=\"55\"><\/td>\n<td style=\"width: 18.0294%; text-align: center;\" width=\"129\"><strong>ex. moms<\/strong><\/td>\n<td style=\"width: 38.708%; text-align: center;\" width=\"130\"><strong>incl. moms<\/strong><\/td>\n<\/tr>\n<tr>\n<td style=\"width: 47.2492%;\" width=\"300\"><\/td>\n<td style=\"width: 1.20773%;\" width=\"43\"><\/td>\n<td style=\"width: 13.6282%;\" width=\"55\"><\/td>\n<td style=\"width: 18.0294%; text-align: center;\" width=\"129\"><\/td>\n<td style=\"width: 38.708%; text-align: center;\" width=\"130\"><\/td>\n<\/tr>\n<tr>\n<td style=\"width: 47.2492%;\" width=\"300\">Afregning af forbrug<\/td>\n<td style=\"width: 1.20773%;\" width=\"43\"><\/td>\n<td style=\"width: 13.6282%; text-align: center;\" width=\"55\">pr. MWh<\/td>\n<td style=\"width: 18.0294%; text-align: center;\" width=\"129\">725,00<\/td>\n<td style=\"width: 38.708%; text-align: center;\" width=\"130\">906,25<\/td>\n<\/tr>\n<tr>\n<td style=\"width: 47.2492%;\" width=\"300\"><\/td>\n<td style=\"width: 1.20773%;\" width=\"43\"><\/td>\n<td style=\"width: 13.6282%; text-align: center;\" width=\"55\"><\/td>\n<td style=\"width: 18.0294%; text-align: center;\" width=\"129\"><\/td>\n<td style=\"width: 38.708%; text-align: center;\" width=\"130\"><\/td>\n<\/tr>\n<tr>\n<td style=\"width: 47.2492%;\" width=\"300\">Abonnementsbidrag<\/td>\n<td style=\"width: 1.20773%;\" width=\"43\"><\/td>\n<td style=\"width: 13.6282%; text-align: center;\" width=\"55\">pr. m\u00e5ler<\/td>\n<td style=\"width: 18.0294%; text-align: center;\" width=\"129\">1.000,00<\/td>\n<td style=\"width: 38.708%; text-align: center;\" width=\"130\">1.250,00<\/td>\n<\/tr>\n<tr>\n<td style=\"width: 47.2492%;\" width=\"300\"><\/td>\n<td style=\"width: 1.20773%;\" width=\"43\"><\/td>\n<td style=\"width: 13.6282%; text-align: center;\" width=\"55\"><\/td>\n<td style=\"width: 18.0294%; text-align: center;\" width=\"129\"><\/td>\n<td style=\"width: 38.708%; text-align: center;\" width=\"130\"><\/td>\n<\/tr>\n<tr>\n<td style=\"width: 47.2492%;\" width=\"300\">Underd\u00e6kning tidligere \u00e5r<\/td>\n<td style=\"width: 1.20773%;\" width=\"43\"><\/td>\n<td style=\"width: 13.6282%; text-align: center;\" width=\"55\"><\/td>\n<td style=\"width: 18.0294%; text-align: center;\" width=\"129\">1.500,00<\/td>\n<td style=\"width: 38.708%; text-align: center;\" width=\"130\">1.875,00<\/td>\n<\/tr>\n<tr>\n<td style=\"width: 47.2492%;\" width=\"300\"><\/td>\n<td style=\"width: 1.20773%;\" width=\"43\"><\/td>\n<td style=\"width: 13.6282%; text-align: center;\" width=\"55\"><\/td>\n<td style=\"width: 18.0294%; text-align: center;\" width=\"129\"><\/td>\n<td style=\"width: 38.708%; text-align: center;\" width=\"130\"><\/td>\n<\/tr>\n<tr>\n<td style=\"width: 47.2492%;\" width=\"300\">Fast bidrag (jf. BBR):<\/td>\n<td style=\"width: 1.20773%;\" width=\"43\"><\/td>\n<td style=\"width: 13.6282%; text-align: center;\" width=\"55\"><\/td>\n<td style=\"width: 18.0294%; text-align: center;\" width=\"129\"><\/td>\n<td style=\"width: 38.708%; text-align: center;\" width=\"130\"><\/td>\n<\/tr>\n<tr>\n<td style=\"width: 47.2492%;\" width=\"300\">Fra 0 \u2013 100<\/td>\n<td style=\"width: 1.20773%;\" width=\"43\"><\/td>\n<td style=\"width: 13.6282%; text-align: center;\" width=\"55\">pr. m\u00b2<\/td>\n<td style=\"width: 18.0294%; text-align: center;\" width=\"129\">62,00<\/td>\n<td style=\"width: 38.708%; text-align: center;\" width=\"130\">77,50<\/td>\n<\/tr>\n<tr>\n<td style=\"width: 47.2492%;\" width=\"300\">Fra 101 &#8211; 130<\/td>\n<td style=\"width: 1.20773%;\" width=\"43\"><\/td>\n<td style=\"width: 13.6282%; text-align: center;\" width=\"55\">pr. m\u00b2<\/td>\n<td style=\"width: 18.0294%; text-align: center;\" width=\"129\">2,00<\/td>\n<td style=\"width: 38.708%; text-align: center;\" width=\"130\">2,50<\/td>\n<\/tr>\n<tr>\n<td style=\"width: 47.2492%;\" width=\"300\">Fra 131 &#8211; 180<\/td>\n<td style=\"width: 1.20773%;\" width=\"43\"><\/td>\n<td style=\"width: 13.6282%; text-align: center;\" width=\"55\">pr. m\u00b2<\/td>\n<td style=\"width: 18.0294%; text-align: center;\" width=\"129\">1,50<\/td>\n<td style=\"width: 38.708%; text-align: center;\" width=\"130\">1,88<\/td>\n<\/tr>\n<tr>\n<td style=\"width: 47.2492%;\" width=\"300\">Fra 181 &#8211; 200<\/td>\n<td style=\"width: 1.20773%;\" width=\"43\"><\/td>\n<td style=\"width: 13.6282%; text-align: center;\" width=\"55\">pr. m\u00b2<\/td>\n<td style=\"width: 18.0294%; text-align: center;\" width=\"129\">1,00<\/td>\n<td style=\"width: 38.708%; text-align: center;\" width=\"130\">1,25<\/td>\n<\/tr>\n<tr>\n<td style=\"width: 47.2492%;\" width=\"300\"><\/td>\n<td style=\"width: 1.20773%;\" width=\"43\"><\/td>\n<td style=\"width: 13.6282%; text-align: center;\" width=\"55\"><\/td>\n<td style=\"width: 18.0294%;\" width=\"129\"><\/td>\n<td style=\"width: 38.708%;\" width=\"130\"><\/td>\n<\/tr>\n<tr>\n<td style=\"width: 47.2492%;\" width=\"300\">Storforbrugere over 75 MWh\/\u00e5rligt:<\/td>\n<td style=\"width: 1.20773%;\" width=\"43\"><\/td>\n<td style=\"width: 13.6282%; text-align: center;\" width=\"55\"><\/td>\n<td style=\"width: 18.0294%;\" width=\"129\"><\/td>\n<td style=\"width: 38.708%;\" width=\"130\"><\/td>\n<\/tr>\n<tr>\n<td style=\"width: 47.2492%;\" width=\"300\">Ingen fast bidrag<\/td>\n<td style=\"width: 1.20773%;\" width=\"43\"><\/td>\n<td style=\"width: 13.6282%;\" width=\"55\"><\/td>\n<td style=\"width: 18.0294%;\" width=\"129\"><\/td>\n<td style=\"width: 38.708%;\" width=\"130\"><\/td>\n<\/tr>\n<\/tbody>\n<\/table>\n<h5 style=\"text-align: center;\"><\/h5>\n<h5><strong>Varmebetaling<\/strong><\/h5>\n<p>Betaling for varme opkr\u00e6ves aconto 10 gange \u00e5rligt. Juni og juli m\u00e5ned er betalingsfrie. Forfaldsdag og sidste rettidige indbetalingsdato er den 1. hverdag i m\u00e5neden.<\/p>\n<h5><strong>Automatisk betaling<\/strong><\/h5>\n<p>V\u00e6rum-\u00d8rum Kraftvarmev\u00e6rk anbefaler at aconto betaling foretages via PBS Betalingsservice ved at tilmelde betalingen i banken eller p\u00e5 vores hjemmeside <a href=\"https:\/\/www.vokv.dk\/?page_id=52\">www.vokv.dk under fanen \u201dSelvbetjening\u201d.<\/a><\/p>\n<h5><strong>Fakturabetaling<\/strong><\/h5>\n<p>Er varmeopkr\u00e6vningen ikke tilmeldt PBS Betalingsservice, udsender Betalingsservice et indbetalingskort til brug for betalingen.<\/p>\n<h5><\/h5>\n<h5><strong>Rettidig betaling<\/strong><\/h5>\n<p>Ved betaling efter betalingsfristens udl\u00f8b till\u00e6gges der renter med Nationalbankens officielle udl\u00e5nsrente med till\u00e6g p\u00e5 pt. 8 pct.<\/p>\n<p>Renter og gebyrer, som opkr\u00e6ves i forbindelse med \u00e5rsopg\u00f8relsen. Ved betaling afregnes g\u00e6ld f\u00f8r aconto rate.<\/p>\n<h5><strong>Afbrydelse af varmeforsyningen<\/strong><\/h5>\n<p>Ved manglende betaling af aconto opkr\u00e6vning, vil varmeforsyningen blive afbrudt.<\/p>\n<hr \/>\n<h5><strong>\u00c5rsopg\u00f8relse<\/strong><\/h5>\n<p>Efter regnskabs\u00e5rets udl\u00f8b den 30. juni fremsendes en \u00e5rsopg\u00f8relse med endelig afregning af \u00e5rets varmeforbrug. \u00c5rsopg\u00f8relsen fremsendes sidst i juli m\u00e5ned.<\/p>\n<h5><\/h5>\n<h5 style=\"text-align: center;\"><strong>Diverse gebyrer<\/strong><\/h5>\n<table class=\" aligncenter\" style=\"width: 55.236%;\">\n<tbody>\n<tr>\n<td style=\"width: 56.414%;\" width=\"395\"><\/td>\n<td style=\"text-align: center; width: 23.5875%;\" width=\"123\"><strong>kr. ekskl. moms<\/strong><\/td>\n<td style=\"text-align: center; width: 27.1583%;\" width=\"134\"><strong>kr. inkl. moms<\/strong><\/td>\n<\/tr>\n<tr>\n<td style=\"width: 56.414%;\" width=\"395\">Rykkergebyr pr. gang<\/td>\n<td style=\"text-align: center; width: 23.5875%;\" width=\"123\">100,00<\/td>\n<td style=\"text-align: center; width: 27.1583%;\" width=\"134\">momsfri<\/td>\n<\/tr>\n<tr>\n<td style=\"width: 56.414%;\" width=\"395\">Inkassogebyr<\/td>\n<td style=\"text-align: center; width: 23.5875%;\" width=\"123\">100,00<\/td>\n<td style=\"text-align: center; width: 27.1583%;\" width=\"134\">momsfri<\/td>\n<\/tr>\n<tr>\n<td style=\"width: 56.414%;\" width=\"395\">Lukkegebyr<\/td>\n<td style=\"text-align: center; width: 23.5875%;\" width=\"123\">375,00<\/td>\n<td style=\"text-align: center; width: 27.1583%;\" width=\"134\">momsfri<\/td>\n<\/tr>\n<tr>\n<td style=\"width: 56.414%;\" width=\"395\">\u00c5bnegebyr \u2013 gen\u00e5bning indenfor normal \u00e5bningstid<\/td>\n<td style=\"text-align: center; width: 23.5875%;\" width=\"123\">375,00<\/td>\n<td style=\"text-align: center; width: 27.1583%;\" width=\"134\">468,75<\/td>\n<\/tr>\n<tr>\n<td style=\"width: 56.414%;\" width=\"395\">\u00d8nsker forbrugeren sin m\u00e5ler afpr\u00f8vet og evt. fejlvisning er inden for tolerancen, opkr\u00e6ves forbrugeren.<\/p>\n<p>Er m\u00e5leren modsat beh\u00e6ftet med fejl udskiftes den uden beregning.<\/td>\n<td style=\"text-align: center; width: 23.5875%;\" width=\"123\">920,00<\/td>\n<td style=\"text-align: center; width: 27.1583%;\" width=\"134\">1.150,00<\/td>\n<\/tr>\n<\/tbody>\n<\/table>\n<p style=\"text-align: left;\">Efter 2. henvendelse ifm. manglende betaling tages der stilling til lukning og overgivelse af sagen til advokat.<\/p>\n<p style=\"text-align: left;\">I \u00f8vrigt er varmev\u00e6rkets vedt\u00e6gter, almindelige og tekniske bestemmelser g\u00e6ldende.\u00a0Se <a href=\"https:\/\/www.vokv.dk\">www.vokv.dk<\/a>.<\/p>\n<hr \/>\n<h5><strong>Takster for tilslutning<\/strong><\/h5>\n<h5>For tilslutninger i eksisterende forsyningsomr\u00e5de<\/h5>\n<p>Ved tilslutning af nye forbrugere indenfor V\u00e6rum-\u00d8rum Kraftvarmev\u00e6rks forsyningsomr\u00e5de betales de faktiske omkostninger til hhv. materialer, timer og entrepren\u00f8r i forbindelse med etablering af stikledning og montering af hovedhane ved forbrugersted.<br \/>\nOvenst\u00e5ende beregnes fra bagkant fortov til forbrugersted.<\/p>\n<h5>Byggemodningsbidrag<\/h5>\n<p>I forbindelse med udstykning bliver der opkr\u00e6vet et byggemodningsbidrag.<br \/>\nByggemodningsbidragets st\u00f8rrelse afh\u00e6nger af de konkrete forhold i forbindelse med den enkelte udstykning, men vil maksimalt udg\u00f8re varmev\u00e6rkets faktiske omkostninger til etablering af gadeledninger i udstykningsomr\u00e5det.<\/p>\n<p>Efter endt tilslutning afregnes der if\u00f8lge v\u00e6rkets prisblad for hhv. faste og variable bidrag.<\/p>\n<h3 style=\"text-align: center;\">V\u00e6rum-\u00d8rum Kraftvarmev\u00e6rk<\/h3>\n<p style=\"text-align: center;\">Frisenvoldvej 3 A \u2013 Hammelvej 127 B<\/p>\n<p style=\"text-align: center;\">CVR: 18476339<\/p>\n<p style=\"text-align: center;\">Telefon: 8646 2044<\/p>\n<p style=\"text-align: center;\">Vagttelefon.: 8646 1292<\/p>\n<p style=\"text-align: center;\">\u00c5bningstider: mandag \u2013 fredag kl. 8.00 \u2013 12.00<\/p>\n<p style=\"text-align: center;\">e-mail: info@langaafjernvarme.dk<\/p>\n<\/div>\n<\/div>\n<\/div>\n<\/div>\n<\/div>\n<\/div>\n<\/div>\n<style type=\"text\/css\" class=\"panels-style\" data-panels-style-for-post=\"5302\">@import url(https:\/\/www.vokv.dk\/wp-content\/plugins\/siteorigin-panels\/css\/front-flex.min.css); #pgc-5302-0-0 { width:100%;width:calc(100% - ( 0 * 30px ) ) } #pl-5302 .so-panel { margin-bottom:30px } #pl-5302 .so-panel:last-of-type { margin-bottom:0px } #pg-5302-0.panel-has-style > .panel-row-style, #pg-5302-0.panel-no-style { -webkit-align-items:flex-start;align-items:flex-start } #panel-5302-0-0-0> .panel-widget-style { background-color:#ffffff } @media (max-width:780px){ #pg-5302-0.panel-no-style, #pg-5302-0.panel-has-style > .panel-row-style, #pg-5302-0 { -webkit-flex-direction:column;-ms-flex-direction:column;flex-direction:column } #pg-5302-0 > .panel-grid-cell , #pg-5302-0 > .panel-row-style > .panel-grid-cell { width:100%;margin-right:0 } #pl-5302 .panel-grid-cell { padding:0 } #pl-5302 .panel-grid .panel-grid-cell-empty { display:none } #pl-5302 .panel-grid .panel-grid-cell-mobile-last { margin-bottom:0px }  } <\/style>\n","protected":false},"excerpt":{"rendered":"<p>V\u00e6rum-\u00d8rum Kraftvarmev\u00e6rk PRISBLAD G\u00e6ldende pr. 1. juli 2024 \u00a0Download som PDF: Takster for \u00e5rlige bidrag ex. moms incl. moms Afregning af forbrug pr. MWh 725,00 906,25 Abonnementsbidrag pr. m\u00e5ler 1.000,00 1.250,00 Underd\u00e6kning tidligere \u00e5r 1.500,00 1.875,00 Fast bidrag (jf. BBR): <span class=\"excerpt-dots\">&hellip;<\/span> <a class=\"more-link\" href=\"https:\/\/www.vokv.dk\/?page_id=5302\"><span class=\"more-msg\">L\u00e6s mere her:<\/span><\/a><\/p>\n","protected":false},"author":2,"featured_media":0,"parent":42,"menu_order":0,"comment_status":"closed","ping_status":"closed","template":"","meta":{"footnotes":""},"folder":[7],"class_list":["post-5302","page","type-page","status-publish","hentry"],"_links":{"self":[{"href":"https:\/\/www.vokv.dk\/index.php?rest_route=\/wp\/v2\/pages\/5302","targetHints":{"allow":["GET"]}}],"collection":[{"href":"https:\/\/www.vokv.dk\/index.php?rest_route=\/wp\/v2\/pages"}],"about":[{"href":"https:\/\/www.vokv.dk\/index.php?rest_route=\/wp\/v2\/types\/page"}],"author":[{"embeddable":true,"href":"https:\/\/www.vokv.dk\/index.php?rest_route=\/wp\/v2\/users\/2"}],"replies":[{"embeddable":true,"href":"https:\/\/www.vokv.dk\/index.php?rest_route=%2Fwp%2Fv2%2Fcomments&post=5302"}],"version-history":[{"count":15,"href":"https:\/\/www.vokv.dk\/index.php?rest_route=\/wp\/v2\/pages\/5302\/revisions"}],"predecessor-version":[{"id":5337,"href":"https:\/\/www.vokv.dk\/index.php?rest_route=\/wp\/v2\/pages\/5302\/revisions\/5337"}],"up":[{"embeddable":true,"href":"https:\/\/www.vokv.dk\/index.php?rest_route=\/wp\/v2\/pages\/42"}],"wp:attachment":[{"href":"https:\/\/www.vokv.dk\/index.php?rest_route=%2Fwp%2Fv2%2Fmedia&parent=5302"}],"wp:term":[{"taxonomy":"folder","embeddable":true,"href":"https:\/\/www.vokv.dk\/index.php?rest_route=%2Fwp%2Fv2%2Ffolder&post=5302"}],"curies":[{"name":"wp","href":"https:\/\/api.w.org\/{rel}","templated":true}]}}