{"id":522,"date":"2016-10-27T14:55:12","date_gmt":"2016-10-27T12:55:12","guid":{"rendered":"http:\/\/www.vokv.dk\/?page_id=522"},"modified":"2023-07-03T23:20:07","modified_gmt":"2023-07-03T21:20:07","slug":"formandens-beretning-generalforsamling-den-11-10-2016","status":"publish","type":"page","link":"https:\/\/www.vokv.dk\/?page_id=522","title":{"rendered":"Generalforsamling 2016 Formandens beretning"},"content":{"rendered":"<h5>Generalforsamling den 11.10 2016 &#8211;\u00a0Formandens beretning<\/h5>\n<p>Det er nu 8. gang jeg afholder beretning for jer, og endnu en gang er det med nyheden om lavere varmepriser.<\/p>\n<p>Det er et privilegie som formand, altid at skulle berette om lavere priser og gode fremtids udsigter \u2013 og jeg synes, at det er fantastisk at v\u00e6re med til gode spiral vi er kommet ind i.\u00a0 vi f\u00e5r stadig nye forbrugere p\u00e5 v\u00e6rket, og det er det, som giver de stadig lavere priser. De nye forbrugere s\u00f8rger for, at hive varmen ud af r\u00f8rene, stadig uden at vi skal producere mere varme, s\u00e5 nye forbrugere er lig med overskud og overskud er lig med tilbagebetaling via billigere varme.<\/p>\n<p>Da vi i sin tid planlagde pillefyret og skulle forudsige de fremtidige varmepriser, har vi alle \u00e5r indtil de to seneste \u2013 ramt priserne lige p\u00e5.\u00a0 Vi forudsagde ogs\u00e5 at et gennemsnitshus skulle forvente en pris p\u00e5 omkring 13.000 om \u00e5ret. Sidste \u00e5r var prisen 7.800 og i \u00e5r 8.500 for det selvsamme gennemsnitshus, og det vi ikke har kunnet forudse er den ekstraordin\u00e6re positive effekt nye forbrugere har p\u00e5 vores \u00f8konomi. V\u00e6rket kan klare endnu flere forbrugere, og det er simpelthen vejen frem, hvis vi skal holde priserne ekstraordin\u00e6re lavt.<\/p>\n<p>Konsekvensen er, at vi i bestyrelsen har valgt at holde fast i en lav tilslutningspris, det kommer os alle til gode. Konsekvensen er ogs\u00e5, at vi gerne vil g\u00f8re noget ekstra for at f\u00e5 endnu flere forbrugere p\u00e5. Endnu flere forbrugere, vil som sagt sikre os lave priser grundet varmeflowet, men samtidig har det den gode effekt, at der er flere til at betale de samme udgifter. Varmemesteren koster det samme, om vi har 250 eller 500 forbrugere. S\u00e5 nye forbrugere, er vejen frem.<\/p>\n<p>Endnu et bevis p\u00e5 at det g\u00e5r ganske fornuftigt for os, er den seneste pris sammenligning mellem de danske varmev\u00e6rker. Vores v\u00e6rk er det 10. billigste v\u00e6rk i Danmark\u2026\u2026<\/p>\n<p>Det synes jeg godt vi kan v\u00e6re noget stolte af. Det viser p\u00e5 den bedste m\u00e5de, at v\u00e6rket er veldrevet og at vores udstyr fungere up\u00e5klageligt. Man kan ikke ligge p\u00e5 den placering, hvis der var r\u00e5dne r\u00f8r eller noget i den stil.<\/p>\n<p>Det eneste der kan p\u00e5virke vores varmepris v\u00e6sentligt negativ er politiske modeller, der s\u00e6tte os under pres. Vi kan bare konstatere, at vi p\u00e5 v\u00e6rket \u2013 alts\u00e5 bestyrelsen og driften \u2013 kan knokle en vis legemsdel ud af bukserne for at finde forbedringer, store som sm\u00e5.<\/p>\n<p>Og s\u00e5 kan Christiansborg annullere flere \u00e5rs arbejde ved et lille indgreb i afgifter eller takster.<\/p>\n<p>Ogs\u00e5 derfor er det afg\u00f8rende, at vi bliver flere, for s\u00e5 modvirker vi i langt h\u00f8jere grad alle disse forskellige trusler mod vores varmepris.<\/p>\n<p>P\u00e5 det seneste har det v\u00e6ret fremme i flere medier, at el bidraget falder v\u00e6k med udgangen af 2018 og derfor st\u00e5r flere v\u00e6rker til en enorm prisstigning. Jeg er ogs\u00e5 blevet kontaktet af DR \u00f8stjylland for at kommentere p\u00e5 historien. Efter min kommentar valgte DR ikke at bringe historien, fordi de mente (ligesom jeg), at det ikke er nogen historie endnu.<\/p>\n<p>I det nyligt udsendte nyhedsbrev, har vi kort fors\u00f8gt, at redeg\u00f8re for hvad der er op og ned p\u00e5 historien. I dag f\u00e5r vi ca. 1 mio. kr. om \u00e5ret for at v\u00e6re str\u00f8m producerende, derudover tjener vi ogs\u00e5 penge p\u00e5 at s\u00e6lge str\u00f8mmen. Den aftale, der sikrer os 1 mio. kr. udl\u00f8ber med udgangen af 2018 og skal genforhandles. Derfor ved vi ikke endnu noget om hvad en ny aftale, kommer til at indeholde. Den kan indholde alt fra at aftalen forl\u00e6nges, til at der ikke kommer en ny aftale. Men det er jo ikke ensbetydende med, at alt falder v\u00e6k til vores ugunst. Jeg tror alle er enige om, at aftalen nok bliver forringet, men helt v\u00e6k tror jeg ikke p\u00e5.\u00a0 For uden dette grundbel\u00f8b vil mange v\u00e6rker formentlig bortskaffe gamle motorer, som ikke anvendes meget, og dermed forsvinder Danmarks el-reserve. Kraftvarmev\u00e6rkene forpligter sig nemlig til, at kunne v\u00e6re el producerende, med 5 min. Varsel \u2013 hvis der ikke er str\u00f8m nok fra vindm\u00f8llerne. Der m\u00e5 derfor n\u00f8dvendigvis komme noget kompensation, men hvordan, hvor meget og hvorn\u00e5r \u2013 det kender vi ikke endnu.<\/p>\n<p>&nbsp;<\/p>\n<p>Bestyrelsen har dog brugt rigtig meget tid p\u00e5 at dr\u00f8fte, hvordan vi forholder os til den aftale, som m\u00e5tte komme. S\u00e5 vi h\u00e5ber p\u00e5 det bedste, men planl\u00e6gger fremtiden efter det\u00a0 v\u00e6rste. For p\u00e5 den m\u00e5de, at v\u00e6re klar p\u00e5 alle de elementer en ny aftale m\u00e5tte indeholde.<\/p>\n<p>Bestyrelsens bud p\u00e5 hvordan vi kommer afb\u00f8der indvirkningen p\u00e5 denne nye aftale, vil vi freml\u00e6gge under investeringsplanen, hvor vi freml\u00e6gger vores bud p\u00e5 fremtiden.<\/p>\n<p>Jeg vil gemme detaljerne til investeringsplanen, men blot sige, at vi freml\u00e6gger en utrolig ambiti\u00f8s plan, som vil kunne sikre os fremadrettet.<\/p>\n<p>Til slut vil jeg gerne takke vores revisor og vores drift for endnu et \u00e5r med godt samarbejde. Ogs\u00e5 tak til mine bestyrelseskolleger og ikke mindst dem som hj\u00e6lper med uddeling af nyhedsbreve.<\/p>\n<h5>Investeringsplanen.<\/h5>\n<p>Som jeg lovede under min beretning, s\u00e5 vil bestyrelsen under dette punkt freml\u00e6gge en investeringsplan.<\/p>\n<p>Som jeg fortalte under min beretning er vores nuv\u00e6rende gode \u00f8konomi baseret p\u00e5 gode br\u00e6ndsels kontrakter, og god drift. Men den ekstra ordin\u00e6re gode \u00f8konomi skyldes at vi \u00f8ger antallet af forbrugere kraftigt.<\/p>\n<p>Vi har derfor dr\u00f8ftet hvad kan vi g\u00f8re for at f\u00e5 flere med. vi har en lav tilslutningspris, og hvis vi kan f\u00e5 stor kunder ind har vi ogs\u00e5 gode priser til dem. Men det er sv\u00e6rt at f\u00e5 alle med, og vi bliver derfor n\u00f8dt til at kigge bredere ud.<\/p>\n<p>Og her har vi stillet ind p\u00e5 Haslund. Haslund er i dag forsynet med individuel naturgas, og naturgassen er etableret p\u00e5 et tidspunkt, som betyder, der i de kommende par \u00e5r, vil ske en betydelig udskiftning i naturgas fyrene.\u00a0 Vi har derfor vurderet, at skal vi byde os til, s\u00e5 skal det v\u00e6re nu.<\/p>\n<p>Hvis Haslund skal kobles p\u00e5 v\u00e6rket, er der behov for en mindre ombygning p\u00e5 v\u00e6rket. Samtidig skal der jo ligges r\u00f8r i jorden mv. vi har indhentet tilbud p\u00e5 hel ombygningen, og vi har sikret os, at vi rent teknisk kan levere varmen som vi skal.<\/p>\n<p>Beregningen viser, at hvis vi f\u00e5r de fleste husstande i Haslund med i tilslutningsperioden, s\u00e5 vil vi gamle forbrugere i vokv tjene en lille mio. kr. og dermed annullere den potentielle prisstigning der m\u00e5tte komme. Samtidig vil forbrugerne i Haslund formentlig spare 6.000-8.000 kr. p\u00e5 deres \u00e5rlige varmeregning.<\/p>\n<p>P\u00e5 den m\u00e5de, s\u00e5 er vores forslag jo noget som vi b\u00f8r gennemf\u00f8re.<\/p>\n<h5>MEN<\/h5>\n<p>Vi er jo forsigtige mennesker i bestyrelsen, vi er jo forbrugere ogs\u00e5, og vi vil ikke s\u00e6tte noget i gang, som kan true vores v\u00e6rk. Vi vil ikke lave d\u00e5rlige investeringer, eller forhastede investeringer.<\/p>\n<p>Derfor agter vi at g\u00f8re f\u00f8lgende:<\/p>\n<ol>\n<li>Vi har allerede dr\u00f8ftet planerne med Randers kommune, som synes det er en god plan vi har fremlagt.<\/li>\n<\/ol>\n<p>&nbsp;<\/p>\n<ol start=\"2\">\n<li>Vi informere nu jer, vores forbrugere om vores planer her p\u00e5 generalforsamlingen<\/li>\n<\/ol>\n<p>&nbsp;<\/p>\n<ol start=\"3\">\n<li>Snart vil vi afholde borgerm\u00f8der i Haslund, for at finde ud af, om der overhovedet er en interesse for at koble sig p\u00e5 vores varmev\u00e6rk.<\/li>\n<\/ol>\n<p>&nbsp;<\/p>\n<ol start=\"4\">\n<li>f\u00f8rst derefter vil vi engagere et konsulent firma, til at lave et projekt forslag.<\/li>\n<\/ol>\n<p>&nbsp;<\/p>\n<ol start=\"5\">\n<li>dette projektforslag vil vi freml\u00e6gge for jer, forinden vi igangs\u00e6tter noget.<\/li>\n<\/ol>\n<p>&nbsp;<\/p>\n<ol start=\"6\">\n<li>derefter vil vi indkalde til m\u00f8de i Haslund igen, for en bindende tilslutningsaftale med forbrugere i Haslund<\/li>\n<\/ol>\n<p>&nbsp;<\/p>\n<ol start=\"7\">\n<li>Derefter og f\u00f8rst derefter g\u00e5r vi i gang med selve arbejdet, og dermed de konkrete bestillinger mv. og det er f\u00f8rst nu, vi igangs\u00e6tter de \u00f8konomiske konsekvenser.<\/li>\n<\/ol>\n<p>&nbsp;<\/p>\n<p>s\u00e5 selvom det er store planer, s\u00e5 er vi s\u00e5 forsigtige, at vi ikke igangs\u00e6tter noget som helst \u2013 f\u00f8r vi ved om tilslutningen er det. men er tilslutningen fra nye forbrugere der, s\u00e5 er jeg ikke et sekund i tvivl om, at det er den rigtige l\u00f8sning for os alle sammen.<\/p>\n<p>Vi har tilmeldt os et projekt i region midtjylland, hvor flere v\u00e6rker g\u00e5r sammen om et projekt forslag til EU. Faktisk er listen pt. p\u00e5 ca. 24 v\u00e6rker. P\u00e5 den m\u00e5de, kan vi f\u00e5 finansieret de konsulent regninger, som et s\u00e5dan projekt vil generere. Jeg er en del af den styregruppe p\u00e5 4, som skal styre projektet igennem for alle de deltagende v\u00e6rker.<\/p>\n<p>S\u00e5 p\u00e5 den m\u00e5de, fors\u00f8ger vi igen at minimere vores omkostninger.<\/p>\n<p>Vi ved godt at det er store planer, men der er en ting, der er vigtigt og som vi hele tiden har fokus p\u00e5 det, det<\/p>\n<ul>\n<li>Hvor langt kan vi komme f\u00f8r det koster penge, og 2) vi s\u00e6tter ikke noget i gang f\u00f8r vi har tilsagn, der viser, at vi ikke f\u00e5r udgifter ud af denne model. Vi er ekstremt forsigtige, som altid, i vores tilgang til investeringen.<\/li>\n<\/ul>\n<p>&nbsp;<\/p>\n<p>S\u00e5 det er planerne, der er ikke noget konkret endnu \u2013 og inden det koster os penge \u2013 vil I blive h\u00f8rt.<\/p>\n","protected":false},"excerpt":{"rendered":"<p>Generalforsamling den 11.10 2016 &#8211;\u00a0Formandens beretning Det er nu 8. gang jeg afholder beretning for jer, og endnu en gang er det med nyheden om lavere varmepriser. Det er et privilegie som formand, altid at skulle berette om lavere priser <span class=\"excerpt-dots\">&hellip;<\/span> <a class=\"more-link\" href=\"https:\/\/www.vokv.dk\/?page_id=522\"><span class=\"more-msg\">L\u00e6s mere her:<\/span><\/a><\/p>\n","protected":false},"author":2,"featured_media":0,"parent":4371,"menu_order":0,"comment_status":"closed","ping_status":"closed","template":"","meta":{"footnotes":""},"folder":[8],"class_list":["post-522","page","type-page","status-publish","hentry"],"_links":{"self":[{"href":"https:\/\/www.vokv.dk\/index.php?rest_route=\/wp\/v2\/pages\/522","targetHints":{"allow":["GET"]}}],"collection":[{"href":"https:\/\/www.vokv.dk\/index.php?rest_route=\/wp\/v2\/pages"}],"about":[{"href":"https:\/\/www.vokv.dk\/index.php?rest_route=\/wp\/v2\/types\/page"}],"author":[{"embeddable":true,"href":"https:\/\/www.vokv.dk\/index.php?rest_route=\/wp\/v2\/users\/2"}],"replies":[{"embeddable":true,"href":"https:\/\/www.vokv.dk\/index.php?rest_route=%2Fwp%2Fv2%2Fcomments&post=522"}],"version-history":[{"count":0,"href":"https:\/\/www.vokv.dk\/index.php?rest_route=\/wp\/v2\/pages\/522\/revisions"}],"up":[{"embeddable":true,"href":"https:\/\/www.vokv.dk\/index.php?rest_route=\/wp\/v2\/pages\/4371"}],"wp:attachment":[{"href":"https:\/\/www.vokv.dk\/index.php?rest_route=%2Fwp%2Fv2%2Fmedia&parent=522"}],"wp:term":[{"taxonomy":"folder","embeddable":true,"href":"https:\/\/www.vokv.dk\/index.php?rest_route=%2Fwp%2Fv2%2Ffolder&post=522"}],"curies":[{"name":"wp","href":"https:\/\/api.w.org\/{rel}","templated":true}]}}