{"id":374,"date":"2016-07-11T15:33:21","date_gmt":"2016-07-11T13:33:21","guid":{"rendered":"http:\/\/www.vokv.dk\/?page_id=374"},"modified":"2021-11-30T00:00:52","modified_gmt":"2021-11-29T23:00:52","slug":"drift","status":"publish","type":"page","link":"https:\/\/www.vokv.dk\/?page_id=374","title":{"rendered":"Drift og administration"},"content":{"rendered":"<h1>Drift og administration:<\/h1>\n<p>Drift af v\u00e6rket og afregning af varmeforbrug m.m. administreres af Lang\u00e5 Varmev\u00e6rk.<\/p>\n<p><strong>Ved drift forstyrrelser kontaktes varmemester p\u00e5:<\/strong><\/p>\n<h2>Vagttelefon: 8646 1292<\/h2>\n<p>&nbsp;<\/p>\n<p><strong>Varmeregnskab, flytte opg\u00f8relse, \u00e6ndring af aconto, etc. kontakt:<\/strong><\/p>\n<h2>Administrationen: 8646 2044<\/h2>\n<h3>Kontortid:<\/h3>\n<p>Mandag &#8211; Fredag:\u00a0\u00a0 \u00a0 9.00-12.00<\/p>\n<p><span style=\"color: #3366ff;\"><span style=\"color: #000000;\">Email:<\/span> <a href=\"mailto:info@langaafjernvarme.dk\"><span style=\"color: #0000ff;\">info@langaafjernvarme.dk<\/span>\u00a0<\/a><\/span><\/p>\n<p>Udenfor kontorets \u00e5bningstid, pr\u00f8v vores <a href=\"https:\/\/www.vokv.dk\/?page_id=52\"><strong>selvbetjening.<\/strong><\/a><\/p>\n","protected":false},"excerpt":{"rendered":"<p>Drift og administration: Drift af v\u00e6rket og afregning af varmeforbrug m.m. administreres af Lang\u00e5 Varmev\u00e6rk. Ved drift forstyrrelser kontaktes varmemester p\u00e5: Vagttelefon: 8646 1292 &nbsp; Varmeregnskab, flytte opg\u00f8relse, \u00e6ndring af aconto, etc. kontakt: Administrationen: 8646 2044 Kontortid: Mandag &#8211; Fredag:\u00a0\u00a0 <span class=\"excerpt-dots\">&hellip;<\/span> <a class=\"more-link\" href=\"https:\/\/www.vokv.dk\/?page_id=374\"><span class=\"more-msg\">L\u00e6s mere her:<\/span><\/a><\/p>\n","protected":false},"author":2,"featured_media":0,"parent":8,"menu_order":0,"comment_status":"closed","ping_status":"closed","template":"","meta":{"footnotes":""},"folder":[24],"class_list":["post-374","page","type-page","status-publish","hentry"],"_links":{"self":[{"href":"https:\/\/www.vokv.dk\/index.php?rest_route=\/wp\/v2\/pages\/374","targetHints":{"allow":["GET"]}}],"collection":[{"href":"https:\/\/www.vokv.dk\/index.php?rest_route=\/wp\/v2\/pages"}],"about":[{"href":"https:\/\/www.vokv.dk\/index.php?rest_route=\/wp\/v2\/types\/page"}],"author":[{"embeddable":true,"href":"https:\/\/www.vokv.dk\/index.php?rest_route=\/wp\/v2\/users\/2"}],"replies":[{"embeddable":true,"href":"https:\/\/www.vokv.dk\/index.php?rest_route=%2Fwp%2Fv2%2Fcomments&post=374"}],"version-history":[{"count":0,"href":"https:\/\/www.vokv.dk\/index.php?rest_route=\/wp\/v2\/pages\/374\/revisions"}],"up":[{"embeddable":true,"href":"https:\/\/www.vokv.dk\/index.php?rest_route=\/wp\/v2\/pages\/8"}],"wp:attachment":[{"href":"https:\/\/www.vokv.dk\/index.php?rest_route=%2Fwp%2Fv2%2Fmedia&parent=374"}],"wp:term":[{"taxonomy":"folder","embeddable":true,"href":"https:\/\/www.vokv.dk\/index.php?rest_route=%2Fwp%2Fv2%2Ffolder&post=374"}],"curies":[{"name":"wp","href":"https:\/\/api.w.org\/{rel}","templated":true}]}}