{"id":254,"date":"2016-04-11T23:38:11","date_gmt":"2016-04-11T21:38:11","guid":{"rendered":"http:\/\/www.vokv.dk\/?page_id=254"},"modified":"2021-11-15T14:38:24","modified_gmt":"2021-11-15T13:38:24","slug":"tekniske-bestemmelser","status":"publish","type":"page","link":"https:\/\/www.vokv.dk\/?page_id=254","title":{"rendered":"Tekniske bestemmelser"},"content":{"rendered":"<h4><strong>TEKNISKE BESTEMMELSER FOR FJERNVARMELEVERING<\/strong><\/h4>\n<p><strong>\u00a0<\/strong><\/p>\n<p>Hent dem som PDF <a href=\"https:\/\/www.vokv.dk\/wp-content\/uploads\/2021\/11\/TEKNISKE-BESTEMMELSER.pdf\" target=\"_blank\" rel=\"noopener\"><strong>her.<\/strong><\/a><\/p>\n<ol>\n<li><strong> Gyldighedsomr\u00e5de og definitioner m.v.<\/strong><\/li>\n<\/ol>\n<p>Tekniske bestemmelser for fjernvarmelevering fra V\u00e6rum-\u00d8rum Kraftvarmev\u00e6rk, i det f\u00f8lgende ben\u00e6vnt v\u00e6rket, er g\u00e6ldende for projektering, udf\u00f8relse og \u00e6ndring af varmeinstallationer ved tilslutning til v\u00e6rkets ledningsnet, samt for installation, drift og vedligeholdelse af varmeinstallationer.<\/p>\n<p>Ejeren\/ejerne af ejendomme, der er tilsluttet fjernvarmeforsyningen, er i det f\u00f8lgende ben\u00e6vnt forbrugeren.<\/p>\n<p>Aftalegrundlaget mellem v\u00e6rket og forbrugeren er fastlagt gennem s\u00e5vel &#8221;Almindelige bestemmelser for fjernvarmelevering&#8221; som n\u00e6rv\u00e6rende &#8220;Tekniske bestemmelser for fjernvarmelevering&#8221;.<\/p>\n<p>Installat\u00f8ren er den person, der i henhold til bestemmelserne i 3.1 er berettiget til at udf\u00f8re arbejder p\u00e5 en ejendoms varmeinstallation.<\/p>\n<p>&nbsp;<\/p>\n<ol start=\"2\">\n<li><strong> Etablering af fjernvarmetilslutning<\/strong><\/li>\n<\/ol>\n<p>2.1 Anmodning om en ejendoms tilslutning til fjernvarmeforsyningen fremsendes skriftligt til v\u00e6rket af ejeren af ejendommen eller en af ejeren bemyndiget person med oplysninger om ejendommens st\u00f8rrelse\/varmeeffektbehov og beliggenhed.<\/p>\n<p>2.2 Det ledningsnet, der etableres fra hovedledningen\/fordelingsledningen til ejendommens hovedhaner, ben\u00e6vnes i det f\u00f8lgende som &#8220;stikledningen&#8221;.<\/p>\n<p>2.3 Ved nybygninger placeres stikledningen efter n\u00e6rv\u00e6rende &#8220;Tekniske bestemmelser for fjernvarmelevering&#8221;.<\/p>\n<p>&nbsp;<\/p>\n<ol start=\"3\">\n<li><strong> Udf\u00f8relse af installationsarbejde<\/strong>.<\/li>\n<\/ol>\n<p>3.1 Arbejder p\u00e5 ejendommens varmeinstallation skal udf\u00f8res af firmaer med autorisation<\/p>\n<p>som vvs-installat\u00f8r i henhold til lov nr. 25o af 8. juni 1978, med \u00e6ndring ved lov nr. 93 af 27. december 1991 eller en af v\u00e6rk en autoriseret fjernvarmeinstallat\u00f8r.<\/p>\n<p>3.2 Varmeinstallationer, der tilsluttes v\u00e6rkets ledningsnet, skal projekteres og udf\u00f8res i overensstemmelse med de til enhver tid g\u00e6ldende love, bekendtg\u00f8relser, normer og standarder, samt de krav der er indeholdt i v\u00e6rkets almindelige og tekniske leverings- bestemmelser, jf. 5.2.<\/p>\n<p>Er installationerne ikke projekteret og udf\u00f8rt i overensstemmelse med ovenst\u00e5ende kan v\u00e6rket kr\u00e6ve de p\u00e5g\u00e6ldende installationer \u00e6ndret. Sker dette ikke, er v\u00e6rket af sikkerhedsm\u00e6ssige grunde berettiget til at n\u00e6gte installationerne tilsluttet.<\/p>\n<p>3.3 S\u00e5fremt der installeres komponenter, som i forhold til v\u00e6rkets driftsbestemmelser (se afsnit 11) kr\u00e6ver andre tryk- eller temperaturforhold, er v\u00e6rket ikke forpligtet til at \u00e6ndre sine forhold.<\/p>\n<p>&nbsp;<\/p>\n<ol start=\"4\">\n<li><strong> Etablering af m\u00e5leudstyr.<\/strong><\/li>\n<\/ol>\n<p>V\u00e6rket udleverer til installat\u00f8ren m\u00e5leudstyr og\/eller passtykke.<\/p>\n<p>V\u00e6rket meddeler installat\u00f8ren m\u00e5lerens placering.<\/p>\n<p>&nbsp;<\/p>\n<ol start=\"5\">\n<li><strong> Projektering og udf\u00f8relse af varmeinstallationen.<\/strong><\/li>\n<\/ol>\n<p>5.1 Dimensioneringsgrundlag<\/p>\n<p>Varmeinstallationer dimensioneres for en fjernvarmefreml\u00f8bstemperatur p\u00e5 65 \u00b0C. og en afk\u00f8ling af fjernvarmevandet p\u00e5 mindst 30 \u00b0C. ved minus 12 \u00b0C. udetemperatur.<\/p>\n<p>Brugsvandsanl\u00e6g dimensioneres for en fjernvarmefreml\u00f8bstemperatur p\u00e5 60 \u00b0C. og en afk\u00f8ling p\u00e5 mindst 30 \u00b0C.<\/p>\n<p>5.2 Projektering og udf\u00f8relse<\/p>\n<p>Enhver varmeinstallation skal projekteres og udf\u00f8res i overensstemmelse med den til enhver tid g\u00e6ldende lovgivning.<\/p>\n<p>P\u00e5 udgivelsestidspunktet er endvidere f\u00f8lgende bestemmelser g\u00e6ldende p\u00e5 omr\u00e5det:<\/p>\n<p>&nbsp;<\/p>\n<p>N\u00e6rv\u00e6rende &#8220;Tekniske bestemmelser for fjernvarmelevering&#8221;<\/p>\n<p>DFF vejledning- Brugerinstallationer<\/p>\n<p>Bygningsreglementerne<\/p>\n<p>Dansk Ingeni\u00f8rforenings &#8220;Regler for beregning af bygningers varmetab&#8221;. (DS418)<\/p>\n<p>Dansk Ingeni\u00f8rforenings &#8220;Norm for varmeanl\u00e6g med vand som varmeb\u00e6rende medie&#8221;. (DS469)<\/p>\n<p>Dansk Ingeni\u00f8rforenings&#8221; Norm for termisk isolering af tekniske installationer&#8221;. (DS452)<\/p>\n<p>Arbejdstilsynets &#8220;Forskrifter for fyrede varmtvandsanl\u00e6g&#8221; og &#8220;Forskrifter for ufyrede varmtvandsanl\u00e6g&#8221;.<\/p>\n<p>&nbsp;<\/p>\n<ol start=\"6\">\n<li><strong> Tilslutningsarrangement<\/strong><\/li>\n<\/ol>\n<p>Tilslutningsarrangementet dvs. forbindelsen mellem fjernvarmens hovedventiler og ejendommens varmeanl\u00e6g skal udf\u00f8res s\u00e5 enkelt og overskueligt som muligt efter aftale med v\u00e6rket.<\/p>\n<p>Tilslutningsarrangementet skal som minimum v\u00e6re udstyret med f\u00f8lgende:<\/p>\n<p>&nbsp;<\/p>\n<p>Mulighed for m\u00e5ling af temperaturer til og fra s\u00e5vel rumopvarmning som brugs\u00advandsanl\u00e6g.<\/p>\n<p>Ventiler for separat afsp\u00e6rring af rumopvarmningsanl\u00e6g og brugsvandsanl\u00e6g.<\/p>\n<p>Plads til m\u00e5ler med ventiler s\u00e5ledes placeret, at m\u00e5lerskifte kan foretages med et minimum af vandtab.<\/p>\n<p>&nbsp;<\/p>\n<p>Snavssamler ved tilgang til anl\u00e6g og foran m\u00e5ler.<\/p>\n<p>Unions eller flangesamlinger, s\u00e5ledes at tilslutningsarrangementet kan skilles fra fjernvarmenettet uden oversk\u00e6ring af r\u00f8r.<\/p>\n<p>Plomberbare stutse og ventiler for aftapning og trykpr\u00f8vning af anl\u00e6g.<\/p>\n<p>&nbsp;<\/p>\n<ol start=\"7\">\n<li><strong> Interne r\u00f8rledninger.<\/strong><\/li>\n<\/ol>\n<p>7.1Interne r\u00f8rledninger skal udf\u00f8res i overensstemmelse med. Norm for varmeanl\u00e6g med vand som varmeb\u00e6rende medie. (DS 469)<\/p>\n<p>Medier\u00f8rerne skal have en mekanisk styrke og holdbarhed, som tilgodeser de maksimalt forekommende tryk og temperaturer.<\/p>\n<p>St\u00e5lr\u00f8r kan samles med gevindsamlinger, svejsesamlinger eller flangesamlinger. Kobberr\u00f8r kan samles ved h\u00e5rdlodning eller klemringsfittings. Plastr\u00f8r samles med preskoblinger eller klemringsfittings.<\/p>\n<p>Skjulte, ikke udskiftelige anl\u00e6gsdele skal v\u00e6re vedligeholdelsesfrie og have en bestandighed og funktionsstabilitet, der svarer til de bygningsdele, hvori de er indbygget.<\/p>\n<p>Skjulte r\u00f8rledninger i st\u00e5l m\u00e5 kun samles ved svejsning skjulte kobberr\u00f8r m\u00e5 kun samles ved h\u00e5rdlodning. Der m\u00e5 ikke anvendes samlinger i skjulte plastledninger.<\/p>\n<p>&nbsp;<\/p>\n<p>Interne r\u00f8rledninger i jord mellem bygninger skal, ved direkte fjernvarmetilslutning (uden varmeveksler), udf\u00f8res i pr\u00e6r\u00f8r i samme type eller tilsvarende kvalitet som fjernvarmestikledningen.<\/p>\n<p>7.2 R\u00f8rledninger skal monteres p\u00e5 en s\u00e5dan m\u00e5de, at der er mulighed for ekspansions-bev\u00e6gelser samt for udluftning og aftapning i forn\u00f8dent omfang.<\/p>\n<p>Aftapninger skal forsynes med prop eller slutmuffe med k\u00e6de.<\/p>\n<p>&nbsp;<\/p>\n<ol start=\"8\">\n<li><strong> Specielle anl\u00e6g.<\/strong><\/li>\n<\/ol>\n<p>8.1 Tilslutning af specielle anl\u00e6g, f.eks. sv\u00f8mmebade, procesvarmeanl\u00e6g, gartnerier<\/p>\n<p>samt virksomheder med et s\u00e6rligt stort behov for varmt brugsvand og\/eller ventilation, skal i hvert enkelt tilf\u00e6lde aftales n\u00e6rmere med v\u00e6rket.<\/p>\n<p>&nbsp;<\/p>\n<ol start=\"9\">\n<li><strong> Isolering.<\/strong><\/li>\n<\/ol>\n<p>9.1 I henhold til Bygningsreglementet skal varmeinstallationer, herunder r\u00f8rledninger<\/p>\n<p>og beholdere isoleres mod varmetab efter &#8221; Dansk Ingeni\u00f8rforenings norm for termisk isolering af tekniske installationer&#8221;.<\/p>\n<p>&nbsp;<\/p>\n<ol start=\"10\">\n<li><strong> Trykpr\u00f8vning og idrifts\u00e6ttelse.<\/strong><\/li>\n<\/ol>\n<p>10.1 Enhver ny-tilslutning eller udvidelse af en varmeinstallation, der tilsluttes direkte,<br \/>\nskal af installat\u00f8ren trykpr\u00f8ves inden tilslutning til v\u00e6rket<\/p>\n<p>Samlinger p\u00e5 r\u00f8rledninger m\u00e5 ikke isoleres, indmures eller p\u00e5 anden m\u00e5de tild\u00e6kkes f\u00f8r trykpr\u00f8ve er foretaget.<\/p>\n<p>10.2 Pr\u00f8vetrykket skal generelt v\u00e6re mindst 1,5 gange det h\u00f8jest forekommende tryk (dynamisk + statisk) i v\u00e6rkets forsyningsledninger. I \u00f8vrigt skal arbejdstilsynets til enhver tid g\u00e6ldende forskrifter om trykpr\u00f8vning f\u00f8lges.<\/p>\n<p>10.3 Trykket i forsyningsledningerne kan stige til 7 bar.<\/p>\n<p>Pr\u00f8vetrykket skal derfor for varmeinstallationer der tilsluttes direkte, generelt v\u00e6re mindst 10 bar.<\/p>\n<p>10.4 Trykpr\u00f8ve foretages i overv\u00e6relse af en repr\u00e6sentant fra v\u00e6rket S\u00e5fremt denne i forbindelse med trykpr\u00f8ven bliver bekendt med fejl og mangler i \u00f8vrigt ved varmeinstallationen, er repr\u00e6sentanten forpligtet at p\u00e5tale disse. Med v\u00e6rkets overv\u00e6relse af trykpr\u00f8ve p\u00e5tager v\u00e6rket sig i \u00f8vrigt intet ansvar for varmeinstallationen, ud over det ansvar, man kan ifalde, efter dansk rets almindelige erstatningsregler.<\/p>\n<p>Ejendommens tilslutning til v\u00e6rket er betinget af, at p\u00e5talte fejl og mangler er udbedret.<\/p>\n<p>&nbsp;<\/p>\n<p>Inden idrifts\u00e6ttelse eller efter reparationsarbejder p\u00e5 en varmeinstallation, skal denne grundigt gennemskylles. P\u00e5fyldning og idrifts\u00e6ttelse af varmeinstallationen b\u00f8r normalt ske med fjernvarmevand gennem freml\u00f8bsledningen.<\/p>\n<p>Det p\u00e5hviler installat\u00f8ren i forbindelse med afleveringen at s\u00f8rge for en omhyggelig indregulering af varmeinstallationen, s\u00e5ledes at optimal afk\u00f8ling<\/p>\n<p>af fjernvarmevandet opn\u00e5s, og at instruere forbrugeren i varmeinstallationens drift.<\/p>\n<p>Efterf\u00f8lgende, f.eks. ved ejerskifte etc., er det v\u00e6rkets opgave at informere forbrugeren om varmeinstallationens drift.<\/p>\n<p>&nbsp;<\/p>\n<ol start=\"11\">\n<li><strong> Drift og vedligeholdelse af varmeinstallationer.<\/strong><\/li>\n<\/ol>\n<p>11.1 Varmeenergien leveres som cirkulerende varmt vand (fjernvarmevand), med en freml\u00f8bstemperatur, der af v\u00e6rket reguleres efter klimatiske forhold (udetemperatur vindstyrke), varierende mellem 60 \u00b0C og 85 \u00b0C i hovedledningsnettet.<\/p>\n<p>Freml\u00f8bstemperaturen i en ejendom kan v\u00e6re lavere end ovenn\u00e6vnte temperaturer, n\u00e5r vandgennemstr\u00f8mningen i stikledningen er lille.<\/p>\n<p>11.2 Fjernvarmevandet skal afk\u00f8les s\u00e5ledes, at gennemsnitsafk\u00f8lingen over et forbrugs-\u00e5r ikke er mindre end 35 C og at returtemperaturen ikke overstiger 40 \u00b0C.<\/p>\n<p>S\u00e5fremt denne afk\u00f8ling eller returtemperatur ikke opn\u00e5s, er v\u00e6rket berettiget<\/p>\n<p>til at opkr\u00e6ve betaling for sine ekstraomkostninger, jf. den til enhver tid g\u00e6ldende<\/p>\n<p>tarif.<\/p>\n<p>11.3 V\u00e6rket har pligt til at levere den varmeeffekt, der er abonneret p\u00e5, jf. pkt. 2.1 og 11.1, med et differenstryk m\u00e5lt under drift p\u00e5 hovedledningen p\u00e5 mindst 0,5 bar.<\/p>\n<p>Trykket i freml\u00f8bsledningen p\u00e5 hovedledningen vil maksimalt v\u00e6re 7 bar.<\/p>\n<p>&nbsp;<\/p>\n<p>11.4 Ejendommens varmeinstallation skal dimensioneres i henhold til de af v\u00e6rket fastsatte krav jf. 5.1.<\/p>\n<p>&nbsp;<\/p>\n<p>11-5 Vedligeholdelse af hovedhaner foretages af v\u00e6rket. I tilf\u00e6lde af brand, r\u00f8rbrud eller lignende skal begge haner lukkes, og aftapningshanerne p\u00e5 varmeinstallationen skal \u00e5bnes. Hovedhanerne skal enten v\u00e6re helt \u00e5bne eller helt lukkede.<\/p>\n<p>&nbsp;<\/p>\n<p>11.6 Ved reparation og vedligeholdelse af ejendommens varmeinstallation m\u00e5 aftapning af v\u00e6rkets fjernvarmevand kun foretages af installat\u00f8ren efter aftale med v\u00e6rket.<\/p>\n<p>11.7 Driftsforstyrrelser i ejendommens varmeinstallation afhj\u00e6lpes af forbrugerens installat\u00f8r for forbrugerens regning.<\/p>\n<p>&nbsp;<\/p>\n<ol start=\"12\">\n<li><strong> M\u00e5ling af fjernvarmeforbrug.<\/strong><\/li>\n<\/ol>\n<p>V\u00e6rket leverer det for afregning mellem forbrugeren og v\u00e6rket n\u00f8dvendige m\u00e5leudstyr og bestemmer m\u00e5lernes antal, st\u00f8rrelse, type og placering.<\/p>\n<p>M\u00e5leudstyret ejes og vedligeholdes af v\u00e6rket og udskiftes efter regler fastsat af v\u00e6rket<\/p>\n<p>Ved energim\u00e5lere tilsluttet 220V- nettet betaler forbrugeren elforbruget.<\/p>\n<p>S\u00e5fremt forbrugeren ops\u00e6tter bi-m\u00e5lere for intern fordeling af varmeforbruget, er dette v\u00e6rket uvedkommende.<\/p>\n<p>&nbsp;<\/p>\n<p>12.3 M\u00e5leudstyret og dettes placering, m\u00e5 ikke \u00e6ndres uden v\u00e6rkets godkendelse. De ved m\u00e5lere og ventiler anbragte plomber m\u00e5 kun brydes af v\u00e6rkets personale eller af v\u00e6rket bemyndigede personer.<\/p>\n<p>Foretages der indgreb mod m\u00e5ler eller plomber, og dette medf\u00f8rer tvivl om m\u00e5lingens korrekthed, annulleres m\u00e5lingen, og v\u00e6rket beregner forbruget. Indgreb kan medf\u00f8re, at der indgives politianmeldelse.<\/p>\n<p>&nbsp;<\/p>\n<p>12.4 V\u00e6rket har ret til at flytte m\u00e5leudstyret, hvis det anses for n\u00f8dvendigt. Omkostningerne ved flytningen afholdes af v\u00e6rket<\/p>\n<p>\u00d8nsker forbrugeren m\u00e5leren flyttet, skal flytningen godkendes af v\u00e6rket Udgiften til flytningen betales i s\u00e5 fald af forbrugeren.<\/p>\n<p>&nbsp;<\/p>\n<p>12.5 Ved tvivl om m\u00e5lerens korrekte visning, er v\u00e6rket berettiget til for egen regning at afpr\u00f8ve m\u00e5leren.<\/p>\n<p>Forbrugeren kan ved skriftlig henvendelse og mod betaling til v\u00e6rket forlange at f\u00e5 m\u00e5leren afpr\u00f8vet. Hvis den ved afpr\u00f8vningen konstaterede m\u00e5leafvigelse er st\u00f8rre end de fastsatte gr\u00e6nser, afholdes samtlige omkostninger i forbindelse med<\/p>\n<p>m\u00e5leafpr\u00f8vningen af v\u00e6rket.<\/p>\n<p>M\u00e5leren anses for at vise rigtigt, n\u00e5r denne ved afpr\u00f8vning i en akkrediteret pr\u00f8vestand har en relativ m\u00e5leafvigelse, som er mindre end eller lig med de af myndighederne til enhver tid fastsatte gr\u00e6nser for m\u00e5lerafvigelser.<\/p>\n<p>&nbsp;<\/p>\n<p>&nbsp;<\/p>\n<p>N\u00e6rv\u00e6rende &#8220;Almindelige bestemmelser for fjernvarmelevering&#8221; er vedtaget af: V\u00c6RUM-\u00d8RUM KRA FT VARME V\u00c6RK a.m.b.a.<\/p>\n<p>I 1996<\/p>\n<p>og anmeldt til Gas- og Varmeprisudvalget.<\/p>\n<p>V\u00c6RKET er til enhver tid berettiget til at foretage \u00e6ndringer i bestemmelserne.<\/p>\n<p>V\u00e6rum-\u00d8rum Kraftvarmev\u00e6rk a.m.b.a. Borgergade 6 8870 Lang\u00e5<\/p>\n<p>&nbsp;<\/p>\n","protected":false},"excerpt":{"rendered":"<p>TEKNISKE BESTEMMELSER FOR FJERNVARMELEVERING \u00a0 Hent dem som PDF her. Gyldighedsomr\u00e5de og definitioner m.v. Tekniske bestemmelser for fjernvarmelevering fra V\u00e6rum-\u00d8rum Kraftvarmev\u00e6rk, i det f\u00f8lgende ben\u00e6vnt v\u00e6rket, er g\u00e6ldende for projektering, udf\u00f8relse og \u00e6ndring af varmeinstallationer ved tilslutning til v\u00e6rkets ledningsnet, <span class=\"excerpt-dots\">&hellip;<\/span> <a class=\"more-link\" href=\"https:\/\/www.vokv.dk\/?page_id=254\"><span class=\"more-msg\">L\u00e6s mere her:<\/span><\/a><\/p>\n","protected":false},"author":2,"featured_media":0,"parent":57,"menu_order":0,"comment_status":"closed","ping_status":"closed","template":"","meta":{"footnotes":""},"folder":[24],"class_list":["post-254","page","type-page","status-publish","hentry"],"_links":{"self":[{"href":"https:\/\/www.vokv.dk\/index.php?rest_route=\/wp\/v2\/pages\/254","targetHints":{"allow":["GET"]}}],"collection":[{"href":"https:\/\/www.vokv.dk\/index.php?rest_route=\/wp\/v2\/pages"}],"about":[{"href":"https:\/\/www.vokv.dk\/index.php?rest_route=\/wp\/v2\/types\/page"}],"author":[{"embeddable":true,"href":"https:\/\/www.vokv.dk\/index.php?rest_route=\/wp\/v2\/users\/2"}],"replies":[{"embeddable":true,"href":"https:\/\/www.vokv.dk\/index.php?rest_route=%2Fwp%2Fv2%2Fcomments&post=254"}],"version-history":[{"count":0,"href":"https:\/\/www.vokv.dk\/index.php?rest_route=\/wp\/v2\/pages\/254\/revisions"}],"up":[{"embeddable":true,"href":"https:\/\/www.vokv.dk\/index.php?rest_route=\/wp\/v2\/pages\/57"}],"wp:attachment":[{"href":"https:\/\/www.vokv.dk\/index.php?rest_route=%2Fwp%2Fv2%2Fmedia&parent=254"}],"wp:term":[{"taxonomy":"folder","embeddable":true,"href":"https:\/\/www.vokv.dk\/index.php?rest_route=%2Fwp%2Fv2%2Ffolder&post=254"}],"curies":[{"name":"wp","href":"https:\/\/api.w.org\/{rel}","templated":true}]}}