{"id":1798,"date":"2019-01-30T17:08:07","date_gmt":"2019-01-30T16:08:07","guid":{"rendered":"https:\/\/www.vokv.dk\/?page_id=1798"},"modified":"2021-01-14T22:44:31","modified_gmt":"2021-01-14T21:44:31","slug":"privatlivspolitikker-vokv","status":"publish","type":"page","link":"https:\/\/www.vokv.dk\/?page_id=1798","title":{"rendered":"Privatlivspolitikker"},"content":{"rendered":"<h1><strong>Privatlivspolitik for V\u00e6rum-\u00d8rum Kraftvarmev\u00e6rk AMBA<\/strong><\/h1>\n<p><strong>\u00a0<\/strong><\/p>\n<ol>\n<li><strong> Vi er den dataansvarlige \u2013 hvordan kontakter du os?<\/strong><\/li>\n<\/ol>\n<p>Som leverand\u00f8r af fjernvarme til vores kunder tager vi din databeskyttelse alvorligt. Vi behandler personoplysninger i forbindelse med levering af fjernvarme og har derfor vedtaget denne privatlivsbeskyttelsespolitik, der fort\u00e6ller dig, hvordan vi behandler dine data.<\/p>\n<p>&nbsp;<\/p>\n<ol start=\"2\">\n<li><strong> Kontaktoplysninger<\/strong><\/li>\n<\/ol>\n<p>V\u00e6rum-\u00d8rum Kraftvarmev\u00e6rk AMBA er dataansvarlig og vi sikrer, at dine personoplysninger behandles i overensstemmelse med lovgivningen. Du kan kontakte os, hvis du har behov for at vide, hvordan vi behandler dine personoplysninger.<\/p>\n<p>&nbsp;<\/p>\n<p>Registrerede kontaktoplysninger til V\u00e6rum-\u00d8rum Kraftvarmev\u00e6rk AMBA:<\/p>\n<p>Kontaktperson: Driftsleder Hans J\u00f8rgen Hansen<\/p>\n<p>Adresse: Borgergade 6, 8870 Lang\u00e5<\/p>\n<p>CVR: 18476339<\/p>\n<p>Telefonnr.: 8646 2044<\/p>\n<p>Mail: info@langaafjernvarme.dk<\/p>\n<p>Website: www.vokv.dk<\/p>\n<p>&nbsp;<\/p>\n<ol start=\"3\">\n<li><strong> Form\u00e5lene med og retsgrundlaget for behandlingen af dine personoplysninger<\/strong><\/li>\n<\/ol>\n<p>Vi indsamler og opbevarer dine oplysninger i forbindelse med opfyldelse af vores aftale om levering af fjernvarme jfr. persondataforordningens art 6 stk. 1 b) og andre lovlige forretningsm\u00e6ssige form\u00e5l. Derudover indhenter vi m\u00e5leroplysninger i medf\u00f8r af art. 6 stk. 1 b), e) og f) for at driftsoptimere vores ydelser og for at sikre dig en s\u00e5 effektiv levering og s\u00e5 billig fjernvarme som mulig.<\/p>\n<p>&nbsp;<\/p>\n<ol start=\"4\">\n<li><strong> Kategorier af personoplysninger<\/strong><\/li>\n<\/ol>\n<p>Vi behandler som udgangspunkt almindelige personoplysninger som navn, adresse, telefonnummer, e-mailadresse, m\u00e5lernummer, m\u00e5lerdata, lokationsdata fra internettet, mobil, GPS og billeder taget af installationer m.m. for at opfylde vores aftale med dig om levering af fjernvarme. Vi bruger dit telefonnummer for at kunne kontakte dig fx. hvis vi skal reparere ledninger, udskifte m\u00e5lere, underrette om brud m.m.<\/p>\n<p>I forhold til enkelte af vores kunder kan det v\u00e6re n\u00f8dvendigt at opbevare helbredsoplysninger, der er f\u00f8lsomme personoplysninger \u2013 fx hvis vi skal v\u00e6re helt sikre p\u00e5 at underrette dig, hvis der afbrydes for fjernvarmen. Du bedes selv s\u00f8rge for, at vi er underrettet, hvis vi skal tage s\u00e6rlige hensyn til dig. Hvis vi skal opbevare dine helbredsoplysninger, s\u00e5 vil vi anmode dig om et skriftligt samtykke til dette.<\/p>\n<p>&nbsp;<\/p>\n<p>Vi behandler kun de personoplysninger, som er n\u00f8dvendige, for at levere fjernvarme til dig.<\/p>\n<p>&nbsp;<\/p>\n<ol start=\"5\">\n<li><strong> Databehandlere, som vi overlader dine personoplysninger til<\/strong><\/li>\n<\/ol>\n<p>Vi videregiver dine data til samarbejdspartnere som fx EDB-selskaber, der st\u00e5r for opkr\u00e6vning af varme, m\u00e5lerregistrering m.m. Kommer du i restance med betaling af varme, kan vi videresende dine oplysninger til advokat eller inkassobureau, SKAT og fogedret.<\/p>\n<p>&nbsp;<\/p>\n<p>Hvis der er krav om, at vi indg\u00e5r databehandleraftaler med disse samarbejdspartnere, s\u00e5 har vi indg\u00e5et databehandleraftaler. Dette betyder, at disse parter ogs\u00e5 overholder lovgivningen om personoplysninger. Vi indhenter ikke dit samtykke til at overlade dine personoplysninger til en databehandler, eller hvis vi er retligt forpligtet til at videregive dine personoplysninger, fx som led i indberetning til en myndighed.<\/p>\n<p><strong>\u00a0<\/strong><\/p>\n<p>Vi har indg\u00e5et aftaler med f\u00f8lgende samarbejdspartnere:<\/p>\n<ul>\n<li style=\"list-style-type: none;\">\n<ul>\n<li>DFF-EDB, der bl.a. udsender a conto-regninger p\u00e5 vegne af os<\/li>\n<li>Kamstrup, der h\u00e5ndterer m\u00e5lerdata<\/li>\n<\/ul>\n<\/li>\n<\/ul>\n<p>Derudover indg\u00e5r vi fortrolighedsaftaler med f.eks. VVS-firmaer eller lignende, der f\u00e5r oplyst vores kunders navn, adresse m.m. Vi har p\u00e5 forh\u00e5nd sikret, at de og deres medarbejdere overholder reglerne om persondata.<\/p>\n<p>&nbsp;<\/p>\n<p>Vi videregiver ikke dine personoplysninger til kommerciel markedsf\u00f8ring af produkter fra 3. mand m.m.<\/p>\n<p>&nbsp;<\/p>\n<ol start=\"6\">\n<li><strong> Overf\u00f8rsel til modtagere i tredjelande, herunder internationale organisationer<\/strong><\/li>\n<\/ol>\n<p>Vi overf\u00f8rer ikke data til tredjelande eller internationale organisationer.<\/p>\n<p>&nbsp;<\/p>\n<ol start=\"7\">\n<li><strong> Hvor har vi dine personoplysninger fra?<\/strong><\/li>\n<\/ol>\n<p>Vi indhenter dine personoplysninger fra dig selv, men vi f\u00e5r ogs\u00e5 personoplysninger fra f.eks. m\u00e5lerselskaber. Vi kan ogs\u00e5 modtage oplysninger fra offentlige myndigheder, ejendomsm\u00e6glere m.m.<\/p>\n<p>&nbsp;<\/p>\n<ol start=\"8\">\n<li><strong> Opbevaring af dine personoplysninger<\/strong><\/li>\n<\/ol>\n<p>Vi opbevarer dine personoplysninger s\u00e5 l\u00e6nge som aftaleforholdet mellem Lang\u00e5 Varmev\u00e6rk AMBA og dig eksisterer. Oph\u00f8rer du med at v\u00e6re kunde hos Lang\u00e5 Varmev\u00e6rk AMBA, sletter vi tidligst dine personoplysninger efter indev\u00e6rende \u00e5r + 5 \u00e5r fra oph\u00f8rsdato \u2013 if\u00f8lge reglerne i bogf\u00f8ringsloven \u2013 men der kan ogs\u00e5 v\u00e6re behov for at opbevare oplysningerne l\u00e6ngere.<\/p>\n<p>&nbsp;<\/p>\n<ol start=\"9\">\n<li><strong> Automatiske afg\u00f8relser, herunder profilering<\/strong><\/li>\n<\/ol>\n<p>Vi g\u00f8r ikke brug af automatiske afg\u00f8relser eller profilering.<\/p>\n<p>&nbsp;<\/p>\n<ol start=\"10\">\n<li><strong> Retten til at tr\u00e6kke samtykke tilbage<\/strong><\/li>\n<\/ol>\n<p>Vi anvender som udgangspunkt ikke samtykke i forbindelse med levering af fjernvarme fra Lang\u00e5 Varmev\u00e6rk AMBA. Skulle du have givet samtykke til os til noget ud over levering af fjernvarme, s\u00e5 har du til enhver tid ret til at tr\u00e6kke dette samtykke tilbage. Dette kan du g\u00f8re ved at kontakte os p\u00e5 de kontaktoplysninger, der fremg\u00e5r i punkt 1.<\/p>\n<p>&nbsp;<\/p>\n<ol start=\"11\">\n<li><strong> Dine rettigheder<\/strong><\/li>\n<\/ol>\n<p>Du har efter databeskyttelsesforordningen en r\u00e6kke rettigheder i forhold til vores behandling af oplysninger om dig. Hvis du vil g\u00f8re brug af dine rettigheder, skal du kontakte os.<\/p>\n<p><strong>\u00a0<\/strong><\/p>\n<p style=\"padding-left: 40px;\"><strong>Ret til at se oplysninger (indsigtsret)<\/strong><\/p>\n<p style=\"padding-left: 40px;\">Du har ret til at f\u00e5 indsigt i de oplysninger, som vi behandler om dig, samt en r\u00e6kke yderligere oplysninger.<\/p>\n<p style=\"padding-left: 40px;\"><strong>Ret til berigtigelse (rettelse)<\/strong><\/p>\n<p style=\"padding-left: 40px;\">Du har ret til at f\u00e5 urigtige oplysninger om dig selv rettet.<\/p>\n<p>&nbsp;<\/p>\n<p style=\"padding-left: 40px;\"><strong>Ret til sletning<\/strong><\/p>\n<p style=\"padding-left: 40px;\">I s\u00e6rlige tilf\u00e6lde har du ret til at f\u00e5 slettet oplysninger om dig, inden tidspunktet for vores almindelige generelle sletning indtr\u00e6ffer.<\/p>\n<p style=\"padding-left: 40px;\"><strong>Ret til begr\u00e6nsning af behandling<\/strong><\/p>\n<p style=\"padding-left: 40px;\">Du har i visse tilf\u00e6lde ret til at f\u00e5 behandlingen af dine personoplysninger begr\u00e6nset. Hvis du har ret til at f\u00e5 begr\u00e6nset behandlingen, m\u00e5 vi fremover kun behandle oplysningerne \u2013 bortset fra opbevaring \u2013 med dit samtykke, eller med henblik p\u00e5 at retskrav kan fastl\u00e6gges, g\u00f8res g\u00e6ldende eller forsvares, eller for at beskytte en person eller vigtige samfundsinteresser.<\/p>\n<p style=\"padding-left: 40px;\"><strong>Ret til indsigelse<\/strong><\/p>\n<p style=\"padding-left: 40px;\">Du har i visse tilf\u00e6lde ret til at g\u00f8re indsigelse mod vores eller lovlige behandling af dine personoplysninger. Du kan ogs\u00e5 g\u00f8re indsigelse mod behandling af dine oplysninger til direkte markedsf\u00f8ring.<\/p>\n<p style=\"padding-left: 40px;\"><strong>Ret til at transmittere oplysninger (dataportabilitet)<\/strong><\/p>\n<p style=\"padding-left: 40px;\">Du har i visse tilf\u00e6lde ret til at modtage dine personoplysninger i et struktureret, almindeligt anvendt og maskinl\u00e6sbart format samt at f\u00e5 overf\u00f8rt disse personoplysninger fra \u00e9n dataansvarlig til en anden uden hindring.<\/p>\n<p>&nbsp;<\/p>\n<p><strong>Du kan l\u00e6se mere om dine rettigheder i Datatilsynets vejledning om de registreredes rettigheder, som du finder p\u00e5 <a href=\"http:\/\/www.datatilsynet.dk\">www.datatilsynet.dk<\/a>.<\/strong><\/p>\n<p><strong>\u00a0<\/strong><\/p>\n<ol start=\"12\">\n<li><strong> Klage til Datatilsynet<\/strong><\/li>\n<\/ol>\n<p>Du b\u00f8r altid f\u00f8rst rette henvendelse til os som dataansvarligt selskab, s\u00e5fremt du er utilfreds med vores behandling af dine personoplysninger.<\/p>\n<p>Du har ret til at indgive en klage til Datatilsynet, hvis du er utilfreds med den m\u00e5de, vi behandler dine personoplysninger p\u00e5. Du finder Datatilsynets kontaktoplysninger p\u00e5 <a href=\"http:\/\/www.datatilsynet.dk\">www.datatilsynet.dk<\/a>.<\/p>\n","protected":false},"excerpt":{"rendered":"<p>Privatlivspolitik for V\u00e6rum-\u00d8rum Kraftvarmev\u00e6rk AMBA \u00a0 Vi er den dataansvarlige \u2013 hvordan kontakter du os? Som leverand\u00f8r af fjernvarme til vores kunder tager vi din databeskyttelse alvorligt. Vi behandler personoplysninger i forbindelse med levering af fjernvarme og har derfor vedtaget <span class=\"excerpt-dots\">&hellip;<\/span> <a class=\"more-link\" href=\"https:\/\/www.vokv.dk\/?page_id=1798\"><span class=\"more-msg\">L\u00e6s mere her:<\/span><\/a><\/p>\n","protected":false},"author":2,"featured_media":0,"parent":0,"menu_order":0,"comment_status":"closed","ping_status":"closed","template":"","meta":{"footnotes":""},"folder":[24],"class_list":["post-1798","page","type-page","status-publish","hentry"],"_links":{"self":[{"href":"https:\/\/www.vokv.dk\/index.php?rest_route=\/wp\/v2\/pages\/1798","targetHints":{"allow":["GET"]}}],"collection":[{"href":"https:\/\/www.vokv.dk\/index.php?rest_route=\/wp\/v2\/pages"}],"about":[{"href":"https:\/\/www.vokv.dk\/index.php?rest_route=\/wp\/v2\/types\/page"}],"author":[{"embeddable":true,"href":"https:\/\/www.vokv.dk\/index.php?rest_route=\/wp\/v2\/users\/2"}],"replies":[{"embeddable":true,"href":"https:\/\/www.vokv.dk\/index.php?rest_route=%2Fwp%2Fv2%2Fcomments&post=1798"}],"version-history":[{"count":0,"href":"https:\/\/www.vokv.dk\/index.php?rest_route=\/wp\/v2\/pages\/1798\/revisions"}],"wp:attachment":[{"href":"https:\/\/www.vokv.dk\/index.php?rest_route=%2Fwp%2Fv2%2Fmedia&parent=1798"}],"wp:term":[{"taxonomy":"folder","embeddable":true,"href":"https:\/\/www.vokv.dk\/index.php?rest_route=%2Fwp%2Fv2%2Ffolder&post=1798"}],"curies":[{"name":"wp","href":"https:\/\/api.w.org\/{rel}","templated":true}]}}