{"id":1604,"date":"2018-12-12T17:52:57","date_gmt":"2018-12-12T16:52:57","guid":{"rendered":"http:\/\/www.vokv.dk\/?page_id=1604"},"modified":"2023-07-03T23:14:08","modified_gmt":"2023-07-03T21:14:08","slug":"generalforsamling-2018-formandens-beretning","status":"publish","type":"page","link":"https:\/\/www.vokv.dk\/?page_id=1604","title":{"rendered":"Generalforsamling 2018 Formandens beretning"},"content":{"rendered":"<h2>Formandens beretning den 11 .10 2018<\/h2>\n<p><span style=\"text-decoration: underline;\"><em><a href=\"http:\/\/www.vokv.dk\/wp-content\/uploads\/2018\/12\/referat-generalforsamling-2018.pdf\" rel=\"noopener noreferrer\">Referat fra generalforsamlingen<strong>.<\/strong><\/a><\/em><\/span><\/p>\n<p><span style=\"text-decoration: underline;\"><em><a href=\"http:\/\/www.vokv.dk\/wp-content\/uploads\/2018\/12\/investeringsplan-general-forsamling.pdf\" rel=\"noopener noreferrer\">Dias fra investeringsplan<strong>.<\/strong><\/a><\/em><\/span><\/p>\n<hr \/>\n<p>Det forgange \u00e5r, har lige som alle andre \u00e5r, v\u00e6ret farverige og fyldt med masser af h\u00e5rdt arbejde for b\u00e5de driften og bestyrelsen. Der har v\u00e6ret v\u00e6sentlige overvejelser og dr\u00f8ftelser \u2013 men det er vel bare hvad man kan forvente med de projekter, vi snart har afsluttet f\u00f8rste etape af, og det projekt vi forh\u00e5bentligt snart skal igangs\u00e6tte.<\/p>\n<p>&nbsp;<\/p>\n<p>Vi afslutter i talende stund den f\u00f8rste etape af tilslutning af Haslund til v\u00e6rket, og m\u00e5ske er der allerede i aften nye fra Haslund med til generalforsamlingen. Det synes jeg virkelig er sp\u00e6ndende, at vi i dag er kommet s\u00e5 langt.<\/p>\n<p>&nbsp;<\/p>\n<h3>Status p\u00e5 Haslund<\/h3>\n<p>Status p\u00e5 Haslund er, at vi har nedgravet de hoved ledninger til Haslund, som skal l\u00e6gges. Vi har tilsluttet alle forbrugere p\u00e5 varmeledningen, men flere forbrugere mangler, at f\u00e5 skiftet deres interne anl\u00e6g og koblet disse til. Vi har tilsluttet ca. 140 huse pt. alle de nye huse som er opf\u00f8rt, eller er ved at blive opf\u00f8rt af Birch. Desuden har vi tilkoblet ca. 60 husstande derudover. Nogle aftager varme fra start af, andre er tilkoblet og betaler fast afgift, for s\u00e5 at skifte p\u00e5 et senere tidspunkt.<\/p>\n<p>&nbsp;<\/p>\n<p>Konklusionen er, at vi med de tilmeldte huse allerede i dag har en rentabel forretning jf. vores budget. Tiden vil s\u00e5 vise, om vi har ramt rigtigt mht. budgettet. Det plejer vi jo, men vi vil rigtig gerne s\u00e5 det ske i virkeligheden. P\u00e5 den m\u00e5de ligner det meget vores situation med pillefyret, vi kan beregne mange ting \u2013 men det er f\u00f8rst n\u00e5r den faktiske drift er k\u00f8rende, at vi kan f\u00e5 et faktuelt syn p\u00e5 sagen. Vi har dog historikken med os. Jeg tror det er 10. gang jeg freml\u00e6gger et regnskab p\u00e5 denne generalforsamling, og vi har altid ramt vores budgetter, det tror jeg ogs\u00e5 denne gang.<\/p>\n<p>&nbsp;<\/p>\n<p>M\u00e5let er selvf\u00f8lgeligt, at f\u00e5 hele Haslund til at konvertere til fjernvarmen. Men dels skal vi nok have afgjort vores udest\u00e5ender med HMN (gasselskabet f\u00f8rst) dels s\u00e5 tror jeg, at rigtig mange lige vil se, om vi nu kan levere det lovede. Derfor er jeg stadig ret sikker p\u00e5, at vi i l\u00f8bet af de n\u00e6ste to \u00e5r, vil f\u00e5 den tilslutning, som vi \u00f8nsker os. Haslund projektet hviler i sig selv, stort set i dag, men hele form\u00e5let med projektet var, at det skulle v\u00e6re med til at s\u00e6nke prisen yderligere, s\u00e5 det satser vi meget p\u00e5, at det sker.<\/p>\n<h3><\/h3>\n<h3>Hvilke udest\u00e5ender har vi pt. ift. Haslund<\/h3>\n<p>Der er selvf\u00f8lgelig den verserende sag med HMN. Det er vores advokats vurdering, at vi har en god sag, og de forhold, som HMN klager over, er efter vores overbevisning blevet afklaret i andre lignende sager i 2018, hvor HMN har indtil videre har tabt alle deres klagesager. Vi h\u00e5ber selvf\u00f8lgelig meget p\u00e5 samme udfald i vores sag. Vi kan forvente en endelig afg\u00f8relse fra energiklagen\u00e6vnet, ultimo 2019.<\/p>\n<p>Nogen vil m\u00e5ske mene, at vi l\u00f8ber en stor risiko ved at l\u00e6gge r\u00f8r ned til Haslund med en igangv\u00e6rende klagesag k\u00f8rende. Men vi har indhentet en objektiv vurdering fra vores advokat, og det er s\u00e5ledes, at vi har f\u00e5et en tilladelse fra kommunen, og det er ikke forbudt, at anvende de tilladelser man f\u00e5r. Desuden har HMN ikke bedt om, at klagen skal have ops\u00e6ttende virkning, dvs. vi ikke m\u00e5 arbejde videre mens klagen k\u00f8rer. Derfor er der intet p\u00e5 den baggrund at v\u00e6re bekymret for.<\/p>\n<p>Samtidig har flere huse i Haslund, enten de nye huse eller \u00e6ldre huse, der ikke er opvarmet med gas, haft behov for varme \u2013 og der har bestyrelsen v\u00e6gtet forsyningen h\u00f8jt. Og derfor har vi igangsat projektet.<\/p>\n<p>Samtidig er det s\u00e5ledes, at skulle ut\u00e6nkelige ske, at vi taber sagen, er der flere muligheder for at lovligg\u00f8re projektet. Det er derfor ikke s\u00e5ledes, at alle r\u00f8r skal op mv. det nye energiforlig betyder bl.a. at de indsigelser HMN har kommet med, ikke er relevante efter dette forlig. Uden at blive alt for teknisk, s\u00e5 har naturgas opvarmning nogle urimelige fordele i dag, som forsvinder primo november 2018. Derfor er der overhovedet ingen basis for klagerne.<\/p>\n<p>&nbsp;<\/p>\n<p>I den forbindelse kan det ogs\u00e5 n\u00e6vnes, at samtlige sager hos lodsejerne er afsluttet til alles tilfredshed, undtagen en enkelt. Vi mener dog vi har gjort det vi kan og skal, og derfor tror vi ogs\u00e5 p\u00e5, at denne sag l\u00f8ser sig snart.<\/p>\n<p>&nbsp;<\/p>\n<p>Som jeg startede med at sige, er der nu kommet vand og tryk p\u00e5 r\u00f8rene. I forbindelse med at der er kommet tryk p\u00e5 r\u00f8rene og vand i r\u00f8rene i Haslund har der v\u00e6ret nogle problemer. Det er alle udfordringer, der har bund i monteringsfejl og lignende. Fejlene ligger i sin helhed hos vores underleverand\u00f8rer \u2013 men det har v\u00e6ret op til vores drift, at rette op p\u00e5 fejlene. Det g\u00f8r vi, og disse ting er p\u00e5 plads. Derfor tilbageholder vi ogs\u00e5 en andel af betalingen til hovedentrepren\u00f8ren indtil vi er sikre p\u00e5, at alt herefter k\u00f8rer som det skal.<\/p>\n<p>&nbsp;<\/p>\n<p>Desuden er der visse klager over gravearbejdet, og den efterf\u00f8lgende asfaltering. Vi skal aflevere vej, fortov mv. i den stand hele, den var i, da vi p\u00e5begyndte gravearbejdet. Hele Haslund er blevet videofilmet forinden projektet gik i gang, for at sikre evt. bevismateriale i forbindelse med indsigelser eller tvister over gravearbejdet og asfalt. Men der skal ikke herske nogen tvivl om, at vi har betalt eller skal betale for, at vejen er tilbage i oprindelig stand. Det har vi i \u00f8vrigt allerede gjort, som en del af aftalen med Isoplus \u2013 og derfor kun i vores interesse, at tingene udbedres som de skal. Det er med i aftalen med Isoplus.<\/p>\n<p>Jeg tror desv\u00e6rre ikke, at det er muligt, at gennemf\u00f8re s\u00e5 store projekter uden nogen former for problemer, men jeg satser p\u00e5, at det snart er l\u00f8st. Vi knokler p\u00e5 vores side p\u00e5 alt. Er det udfordringer eller andet, s\u00e5 ring eller skriv endelig en mail \u2013 s\u00e5 skal det nok blive fikset.<\/p>\n<p>&nbsp;<\/p>\n<p>Selvom Haslund fylder meget lige nu, og is\u00e6r fejlrettelsen i Haslund fylder meget, har vi to store projekter, som vi skal kigge p\u00e5. Det ene lige nu, det andet vil vi som bestyrelse forf\u00f8lge henover vinteren.<\/p>\n<p>&nbsp;<\/p>\n<p>Vi har i l\u00f8bet af Haslund projektet f\u00e5et visse tilkendegivelser p\u00e5, at vi m\u00e5ske skulle overveje, at udvide forsyningsomr\u00e5det yderligere. Udvidelsen skulle rette sig mod industriomr\u00e5derne p\u00e5 denne side af motorvejen. Det vil sige industriomr\u00e5det lige bagved Haslund, og det industriomr\u00e5de ved s\u00f8nder borup, hvor bl.a. DLF Trifolium og Tulip ligger. \u00a0Der er regnet p\u00e5 det, og der er \u00f8konomi i det, b\u00e5de for os og for industrierne. Det blev hurtigt stort, da Tulip stod overfor en ombygning, og fjernvarmen skulle ind t\u00e6nkes i dette. Efterf\u00f8lgende har Tulip \u00e6ndret planer, og dermed ogs\u00e5 os \u2013 for nu. Vi har heller ikke brug for yderligere slagsm\u00e5l med HMN, der leverer gas derude. Men over tid, skal det gennemregnes og m\u00e5ske skal vi s\u00e6tte noget i gang der over tid.<\/p>\n<p>&nbsp;<\/p>\n<p>Som en udl\u00f8ber af b\u00e5de Haslund og industriomr\u00e5det, s\u00e5 har vi overvejet hvad vi kan g\u00f8re, for at skaffe endnu billigere varme. Alle forudsigelser g\u00e5r p\u00e5, at b\u00e5de naturgas og tr\u00e6piller vil stige over tid, og hvordan kan vi holde prisen nede, samtidig med dette.<\/p>\n<p>Lang\u00e5 varmev\u00e6rk har etableret et solvarmeanl\u00e6g p\u00e5 Randersvej erfaringen fra dette anl\u00e6g er rigtig gode, og det er derfor oplagt, at overveje ops\u00e6tning af et s\u00e5dan anl\u00e6g ogs\u00e5 hos os. Samtidig er det g\u00e5et s\u00e5dan, at der i forbindelse med Haslund projektet er opst\u00e5et en mulighed for at tilk\u00f8be jord i tilknytning til ledningen til Haslund. Vi har derfor ans\u00f8gt om, og f\u00e5et tilladelse til, at ops\u00e6tte et solfanger anl\u00e6g p\u00e5 den p\u00e5g\u00e6ldende jord. Alle budgetter viser, at vi vil spare betydelige penge allerede nu, og p\u00e5 sigt endnu flere \u2013 da priserne p\u00e5 gas og tr\u00e6piller vil v\u00e6re stigende. Prisen for solvarmen er fast, forst\u00e5et p\u00e5 den m\u00e5de, at prisen jo er etableringsomkostningen fordelt over afskrivningsperioden, og derfor er prisen fast, n\u00e5r anl\u00e6gget er k\u00f8bt og den kan ikke \u00e6ndre sig (udover afgifter) og alle er enige om, at der ikke kommer afgifter p\u00e5 solvarme. Vi har allerede s\u00f8gt om en tilladelse til at ops\u00e6tte solvarmen, og det er fordi, at tilladelsen skulle v\u00e6re p\u00e5 plads inden 1. juli 2018 for at f\u00e5 del i solvarmepuljen p\u00e5 1,8 mio. kr. Det gode ved denne investering er, at den betaler sig selv med det samme. Dvs. l\u00e5neudgiften bliver modsvaret af en besparelse p\u00e5 gas og tr\u00e6piller, s\u00e5 selvom v\u00e6rket forh\u00f8jer sin g\u00e6ld \u2013 skal ingen forbrugere betale mere. Tv\u00e6rtimod viser tallene, at hvis vi kan holde anl\u00e6gsbudgettet (og det kan vi, da vi jo kender budgettet fra lang\u00e5) s\u00e5 tjener vi ca. 200.000 kr. om \u00e5ret ved at igangs\u00e6tte projektet. Samtidig f\u00e5r vi 1,8 mio. kr. i engangsbetaling. Det lyder m\u00e5ske m\u00e6rkeligt \u2013 men vi bliver fattigere, hvis vi ikke g\u00f8r det her. Og det er nu vi skal sl\u00e5 til. s\u00e5 vi igangs\u00e6tter nu en proces omkring tilbud og hvis tilbuddene ligner budgettet, s\u00e5 vil vi igangs\u00e6tte projektet. Jeg forventer, at udbudsprocessen igangs\u00e6ttes i oktober\/november og hvis de indkomne tilbud holder &#8211; s\u00e5 igangs\u00e6ttes byggeriet i december\/januar m\u00e5ned.<\/p>\n<p>&nbsp;<\/p>\n<p>Samtidig vil projektet betyde, at fremtidssikre v\u00e6rket p\u00e5 meget lang sigt. Vi kan udfase den del, der i dag ligger i Jebjerg, hvis det til den tid er fornuftigt.<\/p>\n<p>&nbsp;<\/p>\n<p>Et nye solvarme anl\u00e6g vil blive bygget, s\u00e5 det kan indeholde og udvides med alle de funktioner, vi m\u00e5tte \u00f8nske i fremtiden og med al den plads vi ikke har i dag. Et eksempel kunne v\u00e6re: Det nye energi forlig tilgodeser anvendelsen af varmepumper, de larmer dog betydeligt mere end, vores nuv\u00e6rende v\u00e6rk. Det vil derfor v\u00e6re tvivlsomt, om vi kunne f\u00e5 en tilladelse til at ops\u00e6tte disse pumper. Det problem vil ikke eksistere det nye sted. Men bare rolig, vi har ingen intentioner om ops\u00e6tning af varmepumper lige nu, men vi vil ikke afsk\u00e6re os fra nogen muligheder.<\/p>\n<p>&nbsp;<\/p>\n<p>Vi vil orientere jer alle via nyhedsbrevet om igangs\u00e6ttelse af byggeri mv. samtidig vil vi lave en dedikeret del p\u00e5 hjemmesiden, hvor vi informere jer om alle detaljer, tegninger og fremvisning af, hvor anl\u00e6gget skal st\u00e5, hvordan byggeriet til se ud. Det er klart, at holder priserne ikke vand, jamen s\u00e5 igangs\u00e6ttes projektet ikke. Det er dog s\u00e5ledes, at der er masser af erfaringer fra s\u00e5danne anl\u00e6g, og lokale erfaringer fra Lang\u00e5 \u2013 s\u00e5 det er fuldst\u00e6ndig kendt teknologi og noget driften allerede i dag er fuldst\u00e6ndig inde i. s\u00e5 jeg n\u00e6gter at tro p\u00e5, der kommer overraskelser.<\/p>\n<p>&nbsp;<\/p>\n<p>Med Haslund projektet og det nye solvarmeprojekt, s\u00e5 er det bestyrelsens opfattelse, at vi kan levere en varmepris p\u00e5 10.500 i hvert fald de n\u00e6ste 3-5 \u00e5r. Medmindre vi bliver ramt af uforudsete afgifter vedtaget i folketinget. Det er der ikke mange v\u00e6rker, der i disse tider kan prale af.<\/p>\n<p>&nbsp;<\/p>\n<p>Det er vel ogs\u00e5 derfor, at vi i 2018 er indstillet til \u00e5ret fjernvarmepris. Vi er nomineret sammen med 2 andre v\u00e6rker. Tjek vores hjemmeside med link til dansk fjernvarmes hjemmeside.<\/p>\n<p>&nbsp;<\/p>\n<p>Det er en k\u00e6mpe cadeau til b\u00e5de drift, bestyrelse og andelshavere \u2013 at vi kan komme i betragtning det er vi stolte over. De andre to nominerede v\u00e6rker har leveret nogle flotte og spektakul\u00e6re anl\u00e6g \u2013 og de har i den grad ogs\u00e5 fortjent nomineringen.<\/p>\n<p>&nbsp;<\/p>\n<p>S\u00e5 endnu en gang m\u00e5 jeg indr\u00f8mme, at det har v\u00e6ret en forn\u00f8jelse, at arbejde sammen med bestyrelsen og sammen v\u00e6re med til at holde vores lille v\u00e6rk i den rigtige retning. Tak til alle jer der deler foldere ud, det er godt g\u00e5et af jer.!! I er med til at vi kan holde vores forbrugere nogenlunde orienteret om hvad vi laver.<\/p>\n<p>Jeg vil gerne sige tak til driften (Marianne og Hans J\u00f8rgen) for deres indsats. Selvom du Hans J\u00f8rgen engang imellem mener vi tager den gode drift for givet, s\u00e5 er det jo grunden for alt det andet vi laver. Tak til revisor for indsatsen, det er rart, at vi kan arbejde s\u00e5 t\u00e6t sammen om tingene. Det g\u00f8r, at udfordringerne bliver noget nemmere, at h\u00e5ndtere.<\/p>\n<p>S\u00e5 alt i alt g\u00e5r faktisk meget godt i vores lille forening. Det synes jeg godt vi kan v\u00e6re stolte af.<\/p>\n","protected":false},"excerpt":{"rendered":"<p>Formandens beretning den 11 .10 2018 Referat fra generalforsamlingen. Dias fra investeringsplan. Det forgange \u00e5r, har lige som alle andre \u00e5r, v\u00e6ret farverige og fyldt med masser af h\u00e5rdt arbejde for b\u00e5de driften og bestyrelsen. Der har v\u00e6ret v\u00e6sentlige overvejelser <span class=\"excerpt-dots\">&hellip;<\/span> <a class=\"more-link\" href=\"https:\/\/www.vokv.dk\/?page_id=1604\"><span class=\"more-msg\">L\u00e6s mere her:<\/span><\/a><\/p>\n","protected":false},"author":2,"featured_media":0,"parent":8,"menu_order":0,"comment_status":"closed","ping_status":"closed","template":"","meta":{"footnotes":""},"folder":[8],"class_list":["post-1604","page","type-page","status-publish","hentry"],"_links":{"self":[{"href":"https:\/\/www.vokv.dk\/index.php?rest_route=\/wp\/v2\/pages\/1604","targetHints":{"allow":["GET"]}}],"collection":[{"href":"https:\/\/www.vokv.dk\/index.php?rest_route=\/wp\/v2\/pages"}],"about":[{"href":"https:\/\/www.vokv.dk\/index.php?rest_route=\/wp\/v2\/types\/page"}],"author":[{"embeddable":true,"href":"https:\/\/www.vokv.dk\/index.php?rest_route=\/wp\/v2\/users\/2"}],"replies":[{"embeddable":true,"href":"https:\/\/www.vokv.dk\/index.php?rest_route=%2Fwp%2Fv2%2Fcomments&post=1604"}],"version-history":[{"count":0,"href":"https:\/\/www.vokv.dk\/index.php?rest_route=\/wp\/v2\/pages\/1604\/revisions"}],"up":[{"embeddable":true,"href":"https:\/\/www.vokv.dk\/index.php?rest_route=\/wp\/v2\/pages\/8"}],"wp:attachment":[{"href":"https:\/\/www.vokv.dk\/index.php?rest_route=%2Fwp%2Fv2%2Fmedia&parent=1604"}],"wp:term":[{"taxonomy":"folder","embeddable":true,"href":"https:\/\/www.vokv.dk\/index.php?rest_route=%2Fwp%2Fv2%2Ffolder&post=1604"}],"curies":[{"name":"wp","href":"https:\/\/api.w.org\/{rel}","templated":true}]}}