{"id":1479,"date":"2018-06-21T15:17:50","date_gmt":"2018-06-21T13:17:50","guid":{"rendered":"http:\/\/www.vokv.dk\/?page_id=1479"},"modified":"2024-01-13T15:07:09","modified_gmt":"2024-01-13T14:07:09","slug":"privatlivspolitikker","status":"publish","type":"page","link":"https:\/\/www.vokv.dk\/?page_id=1479","title":{"rendered":"Privatlivspolitikker Vokv"},"content":{"rendered":"<h3>Privatlivapolitik.<\/h3>\n<h3><a href=\"https:\/\/www.vokv.dk\/?page_id=1798\"><strong>For V\u00e6rum-\u00d8rum Kraftvarmev\u00e6rk.<\/strong><\/a><\/h3>\n<p><strong><span style=\"font-size: 18pt;\">og for<\/span><\/strong><\/p>\n<h3><a href=\"https:\/\/www.vokv.dk\/wp-content\/uploads\/2018\/06\/Privatlivspolitik-for-jobans\u00f8gere.pdf\"><strong>For Jobans\u00f8gere:<\/strong><\/a><\/h3>\n<p>&nbsp;<\/p>\n","protected":false},"excerpt":{"rendered":"<p>Privatlivapolitik. For V\u00e6rum-\u00d8rum Kraftvarmev\u00e6rk. og for For Jobans\u00f8gere: &nbsp;<\/p>\n <a class=\"more-link\" href=\"https:\/\/www.vokv.dk\/?page_id=1479\"><span class=\"more-msg\">L\u00e6s mere her:<\/span><\/a>","protected":false},"author":2,"featured_media":0,"parent":57,"menu_order":0,"comment_status":"closed","ping_status":"closed","template":"","meta":{"footnotes":""},"folder":[24],"class_list":["post-1479","page","type-page","status-publish","hentry"],"_links":{"self":[{"href":"https:\/\/www.vokv.dk\/index.php?rest_route=\/wp\/v2\/pages\/1479","targetHints":{"allow":["GET"]}}],"collection":[{"href":"https:\/\/www.vokv.dk\/index.php?rest_route=\/wp\/v2\/pages"}],"about":[{"href":"https:\/\/www.vokv.dk\/index.php?rest_route=\/wp\/v2\/types\/page"}],"author":[{"embeddable":true,"href":"https:\/\/www.vokv.dk\/index.php?rest_route=\/wp\/v2\/users\/2"}],"replies":[{"embeddable":true,"href":"https:\/\/www.vokv.dk\/index.php?rest_route=%2Fwp%2Fv2%2Fcomments&post=1479"}],"version-history":[{"count":0,"href":"https:\/\/www.vokv.dk\/index.php?rest_route=\/wp\/v2\/pages\/1479\/revisions"}],"up":[{"embeddable":true,"href":"https:\/\/www.vokv.dk\/index.php?rest_route=\/wp\/v2\/pages\/57"}],"wp:attachment":[{"href":"https:\/\/www.vokv.dk\/index.php?rest_route=%2Fwp%2Fv2%2Fmedia&parent=1479"}],"wp:term":[{"taxonomy":"folder","embeddable":true,"href":"https:\/\/www.vokv.dk\/index.php?rest_route=%2Fwp%2Fv2%2Ffolder&post=1479"}],"curies":[{"name":"wp","href":"https:\/\/api.w.org\/{rel}","templated":true}]}}